{"id":691,"date":"2017-10-18T14:37:12","date_gmt":"2017-10-18T12:37:12","guid":{"rendered":"http:\/\/cb27363e0b.url-de-test.ws\/site\/?page_id=691"},"modified":"2018-01-31T17:09:24","modified_gmt":"2018-01-31T16:09:24","slug":"ma-2eme-maison-lafenasse","status":"publish","type":"page","link":"http:\/\/cb27363e0b.url-de-test.ws\/site\/enfance-jeunesse\/petite-enfance\/creches\/ma-2eme-maison-lafenasse\/","title":{"rendered":"Ma 2\u00e8me Maison \u00e0 Lafenasse"},"content":{"rendered":"<div class=\"c-tabs\"><div class=\"c-content-box\"><div class=\"tabs-inner\"><ul class=\"tab-list\"><li class=\"tab m-active\"><span class=\"tab-label\">B\u00e9n\u00e9ficiaires<\/span><\/li><li class=\"tab\"><span class=\"tab-label\">Gestionnaire<\/span><\/li><li class=\"tab\"><span class=\"tab-label\">Objectifs<\/span><\/li><li class=\"tab\"><span class=\"tab-label\">Documents<\/span><\/li><\/ul><ul class=\"content-list\">\n<li><p style=\"text-align: justify;\">20 enfants (10 enfants sur chaque site) de 2,5 mois jusqu&rsquo;\u00e0 moins de 6 ans. L&rsquo;accueil se fait dans l&rsquo;ordre d&rsquo;arriv\u00e9e des demandes. Une liste d&rsquo;attente est \u00e9tablie \u00e0 cet effet.<br \/>\nLes micro-cr\u00e8che accueillent en priorit\u00e9 les enfants issus des 16 communes membres de la Communaut\u00e9 de Communes Centre Tarn.<br \/>\nL\u2019inscription de l\u2019enfant ne peut \u00eatre refus\u00e9e sur la base de discriminations sociales, sexuelles, raciales ou relatives \u00e0 un handicap, pour autant que les parents acceptent de souscrire au projet d\u2019accueil et au projet d\u2019\u00e9tablissement de la structure.<br \/>\n<strong>La structure peut accueillir des enfants ayant un handicap mental ou moteur. Le personnel a re\u00e7u une formation adapt\u00e9e et des moyens suppl\u00e9mentaires ont \u00e9t\u00e9 mis en \u0153uvre afin de pouvoir accueillir des enfants en situation de handicap. ces derniers peuvent donc \u00eatre accueillis \u00e0 Fauch ou Lafenasse.<\/strong><br \/>\nUn contrat d&rsquo;accueil individualis\u00e9 pourra \u00eatre \u00e9tabli avec la famille, en lien avec l&rsquo;\u00e9quipe m\u00e9dico-sociale qui assure le suivi de l&rsquo;enfant. Le handicap de l&rsquo;enfant doit \u00eatre compatible avec le fonctionnement de la structure petite enfance.<\/p>\n<\/li>\n<li style=\"display: none;\"><p style=\"text-align: justify;\"><strong>Micro-cr\u00e8che de Saint-Lieux-Lafenasse<\/strong><br \/>\nLotissement Les Fluorines &#8211; 81 120 Saint Lieux Lafenasse<\/p>\n<p><strong>T\u00e9l\/fax<\/strong> : <a href=\"tel:0563557976\">05 63 55 79 76<\/a><br \/>\n<strong>Courriel<\/strong> : <a href=\"mailto:ma2ememaison@orange.fr\">ma2ememaison@orange.fr<\/a><br \/>\n<strong>Directrice<\/strong>: Madame Balbina HUERTAS<br \/>\n<strong>Co-pr\u00e9sident et co-pr\u00e9sidente<\/strong> : Monsieur J\u00e9r\u00e9my THURIES et Madame Audrey ARNAL<br \/>\n<strong>Horaires d&rsquo;ouverture<\/strong> : du lundi au vendredi de 7h00 \u00e0 19h00<br \/>\n<strong>Adh\u00e9sion annuelle<\/strong> : Tout parent est de fait membre de l\u2019association. Le montant de celle-ci est fix\u00e9 \u00e0 30\u20ac l\u2019an de date \u00e0 date.<\/p>\n<\/li>\n<li style=\"display: none;\"><p style=\"text-align: justify;\">L&rsquo;association a pour objectifs g\u00e9n\u00e9raux de :<\/p>\n<ul>\n<li style=\"text-align: justify;\">Promouvoir la mise en place et la cr\u00e9ation de structures d&rsquo;accueil pour les moins de 6 ans, dans le milieu rural<\/li>\n<li style=\"text-align: justify;\">\u00catre l&rsquo;instance tut\u00e9laire qui permettra de mettre en place un r\u00e8glement de fonctionnement dans ces micro cr\u00e8ches<\/li>\n<li style=\"text-align: justify;\">D\u00e9velopper l&#8217;emploi et le service en milieu rural<\/li>\n<li style=\"text-align: justify;\">\u00catre le lien entre les institutionnels et les diff\u00e9rents partenaires<\/li>\n<\/ul>\n<\/li>\n<li style=\"display: none;\"><p>A t\u00e9l\u00e9charger :<br \/>\n<a href=\"http:\/\/cb27363e0b.url-de-test.ws\/site\/wp-content\/uploads\/2018\/01\/PROJET_ETABLISSEMENT_2EME_MAISON_FAUCH.pdf\" target=\"_blank\" rel=\"noopener\">Projet d&rsquo;\u00e9tablissement<\/a><br \/>\n<a href=\"http:\/\/cb27363e0b.url-de-test.ws\/site\/wp-content\/uploads\/2018\/01\/REGLEMENT_FONCTIONNEMENT_2EME_MAISON_FAUCH_MAJ14-11-11.pdf\" target=\"_blank\" rel=\"noopener\">R\u00e8glement de fonctionnement<\/a><\/p>\n<\/li>\n<\/ul><\/div><\/div><\/div>\n","protected":false},"excerpt":{"rendered":"B\u00e9n\u00e9ficiairesGestionnaireObjectifsDocuments 20 enfants (10 enfants sur chaque site) de 2,5 mois jusqu'\u00e0 moins de 6 ans. L'accueil se fait dans l'ordre d'arriv\u00e9e des demandes. Une liste d'attente est \u00e9tablie \u00e0 cet effet. Les micro-cr\u00e8che accueillent en priorit\u00e9 les enfants issus des 16 communes membres de la Communaut\u00e9 de Communes Centre Tarn. L\u2019inscription de l\u2019enfant ne [...]","protected":false},"author":1,"featured_media":1634,"parent":664,"menu_order":0,"comment_status":"closed","ping_status":"closed","template":"","meta":[],"yoast_head":"<!-- This site is optimized with the Yoast SEO plugin v18.3 - https:\/\/yoast.com\/wordpress\/plugins\/seo\/ -->\n<title>Ma 2\u00e8me Maison \u00e0 Lafenasse - Communaut\u00e9 de Communes Centre Tarn<\/title>\n<meta name=\"robots\" content=\"noindex, follow, max-snippet:-1, max-image-preview:large, max-video-preview:-1\" \/>\n<meta property=\"og:locale\" content=\"fr_FR\" \/>\n<meta property=\"og:type\" content=\"article\" \/>\n<meta property=\"og:title\" content=\"Ma 2\u00e8me Maison \u00e0 Lafenasse - Communaut\u00e9 de Communes Centre Tarn\" \/>\n<meta property=\"og:url\" content=\"http:\/\/cb27363e0b.url-de-test.ws\/site\/enfance-jeunesse\/petite-enfance\/creches\/ma-2eme-maison-lafenasse\/\" \/>\n<meta property=\"og:site_name\" content=\"Communaut\u00e9 de Communes Centre Tarn\" \/>\n<meta property=\"article:publisher\" content=\"https:\/\/fr-fr.facebook.com\/centretarn\/\" \/>\n<meta property=\"article:modified_time\" content=\"2018-01-31T16:09:24+00:00\" \/>\n<meta property=\"og:image\" content=\"http:\/\/cb27363e0b.url-de-test.ws\/site\/wp-content\/uploads\/2018\/01\/petite-enfance.jpg\" \/>\n\t<meta property=\"og:image:width\" content=\"640\" \/>\n\t<meta property=\"og:image:height\" content=\"428\" \/>\n\t<meta property=\"og:image:type\" content=\"image\/jpeg\" \/>\n<meta name=\"twitter:card\" content=\"summary_large_image\" \/>\n<meta name=\"twitter:label1\" content=\"Dur\u00e9e de lecture estim\u00e9e\" \/>\n\t<meta name=\"twitter:data1\" content=\"2 minutes\" \/>\n<script type=\"application\/ld+json\" class=\"yoast-schema-graph\">{\"@context\":\"https:\/\/schema.org\",\"@graph\":[{\"@type\":\"Organization\",\"@id\":\"http:\/\/cb27363e0b.url-de-test.ws\/site\/#organization\",\"name\":\"Communaut\u00e9 de Communes Centre Tarn\",\"url\":\"http:\/\/cb27363e0b.url-de-test.ws\/site\/\",\"sameAs\":[\"https:\/\/fr-fr.facebook.com\/centretarn\/\",\"https:\/\/www.youtube.com\/channel\/UCmH971jS42X98fNgJKDqb1A\"],\"logo\":{\"@type\":\"ImageObject\",\"@id\":\"http:\/\/cb27363e0b.url-de-test.ws\/site\/#logo\",\"inLanguage\":\"fr-FR\",\"url\":\"http:\/\/cb27363e0b.url-de-test.ws\/site\/wp-content\/uploads\/2018\/02\/logo-site.png\",\"contentUrl\":\"http:\/\/cb27363e0b.url-de-test.ws\/site\/wp-content\/uploads\/2018\/02\/logo-site.png\",\"width\":149,\"height\":169,\"caption\":\"Communaut\u00e9 de Communes Centre Tarn\"},\"image\":{\"@id\":\"http:\/\/cb27363e0b.url-de-test.ws\/site\/#logo\"}},{\"@type\":\"WebSite\",\"@id\":\"http:\/\/cb27363e0b.url-de-test.ws\/site\/#website\",\"url\":\"http:\/\/cb27363e0b.url-de-test.ws\/site\/\",\"name\":\"Communaut\u00e9 de Communes Centre Tarn\",\"description\":\"\",\"publisher\":{\"@id\":\"http:\/\/cb27363e0b.url-de-test.ws\/site\/#organization\"},\"potentialAction\":[{\"@type\":\"SearchAction\",\"target\":{\"@type\":\"EntryPoint\",\"urlTemplate\":\"http:\/\/cb27363e0b.url-de-test.ws\/site\/?s={search_term_string}\"},\"query-input\":\"required name=search_term_string\"}],\"inLanguage\":\"fr-FR\"},{\"@type\":\"ImageObject\",\"@id\":\"http:\/\/cb27363e0b.url-de-test.ws\/site\/enfance-jeunesse\/petite-enfance\/creches\/ma-2eme-maison-lafenasse\/#primaryimage\",\"inLanguage\":\"fr-FR\",\"url\":\"http:\/\/cb27363e0b.url-de-test.ws\/site\/wp-content\/uploads\/2018\/01\/petite-enfance.jpg\",\"contentUrl\":\"http:\/\/cb27363e0b.url-de-test.ws\/site\/wp-content\/uploads\/2018\/01\/petite-enfance.jpg\",\"width\":640,\"height\":428},{\"@type\":\"WebPage\",\"@id\":\"http:\/\/cb27363e0b.url-de-test.ws\/site\/enfance-jeunesse\/petite-enfance\/creches\/ma-2eme-maison-lafenasse\/#webpage\",\"url\":\"http:\/\/cb27363e0b.url-de-test.ws\/site\/enfance-jeunesse\/petite-enfance\/creches\/ma-2eme-maison-lafenasse\/\",\"name\":\"Ma 2\u00e8me Maison \u00e0 Lafenasse - Communaut\u00e9 de Communes Centre Tarn\",\"isPartOf\":{\"@id\":\"http:\/\/cb27363e0b.url-de-test.ws\/site\/#website\"},\"primaryImageOfPage\":{\"@id\":\"http:\/\/cb27363e0b.url-de-test.ws\/site\/enfance-jeunesse\/petite-enfance\/creches\/ma-2eme-maison-lafenasse\/#primaryimage\"},\"datePublished\":\"2017-10-18T12:37:12+00:00\",\"dateModified\":\"2018-01-31T16:09:24+00:00\",\"breadcrumb\":{\"@id\":\"http:\/\/cb27363e0b.url-de-test.ws\/site\/enfance-jeunesse\/petite-enfance\/creches\/ma-2eme-maison-lafenasse\/#breadcrumb\"},\"inLanguage\":\"fr-FR\",\"potentialAction\":[{\"@type\":\"ReadAction\",\"target\":[\"http:\/\/cb27363e0b.url-de-test.ws\/site\/enfance-jeunesse\/petite-enfance\/creches\/ma-2eme-maison-lafenasse\/\"]}]},{\"@type\":\"BreadcrumbList\",\"@id\":\"http:\/\/cb27363e0b.url-de-test.ws\/site\/enfance-jeunesse\/petite-enfance\/creches\/ma-2eme-maison-lafenasse\/#breadcrumb\",\"itemListElement\":[{\"@type\":\"ListItem\",\"position\":1,\"name\":\"Accueil\",\"item\":\"http:\/\/cb27363e0b.url-de-test.ws\/site\/\"},{\"@type\":\"ListItem\",\"position\":2,\"name\":\"Enfance et Jeunesse\",\"item\":\"http:\/\/cb27363e0b.url-de-test.ws\/site\/enfance-jeunesse\/\"},{\"@type\":\"ListItem\",\"position\":3,\"name\":\"Petite Enfance\",\"item\":\"http:\/\/cb27363e0b.url-de-test.ws\/site\/enfance-jeunesse\/petite-enfance\/\"},{\"@type\":\"ListItem\",\"position\":4,\"name\":\"Cr\u00e8ches\",\"item\":\"http:\/\/cb27363e0b.url-de-test.ws\/site\/enfance-jeunesse\/petite-enfance\/creches\/\"},{\"@type\":\"ListItem\",\"position\":5,\"name\":\"Ma 2\u00e8me Maison \u00e0 Lafenasse\"}]}]}<\/script>\n<!-- \/ Yoast SEO plugin. -->","yoast_head_json":{"title":"Ma 2\u00e8me Maison \u00e0 Lafenasse - Communaut\u00e9 de Communes Centre Tarn","robots":{"index":"noindex","follow":"follow","max-snippet":"max-snippet:-1","max-image-preview":"max-image-preview:large","max-video-preview":"max-video-preview:-1"},"og_locale":"fr_FR","og_type":"article","og_title":"Ma 2\u00e8me Maison \u00e0 Lafenasse - Communaut\u00e9 de Communes Centre Tarn","og_url":"http:\/\/cb27363e0b.url-de-test.ws\/site\/enfance-jeunesse\/petite-enfance\/creches\/ma-2eme-maison-lafenasse\/","og_site_name":"Communaut\u00e9 de Communes Centre Tarn","article_publisher":"https:\/\/fr-fr.facebook.com\/centretarn\/","article_modified_time":"2018-01-31T16:09:24+00:00","og_image":[{"width":640,"height":428,"url":"http:\/\/cb27363e0b.url-de-test.ws\/site\/wp-content\/uploads\/2018\/01\/petite-enfance.jpg","type":"image\/jpeg"}],"twitter_card":"summary_large_image","twitter_misc":{"Dur\u00e9e de lecture estim\u00e9e":"2 minutes"},"schema":{"@context":"https:\/\/schema.org","@graph":[{"@type":"Organization","@id":"http:\/\/cb27363e0b.url-de-test.ws\/site\/#organization","name":"Communaut\u00e9 de Communes Centre Tarn","url":"http:\/\/cb27363e0b.url-de-test.ws\/site\/","sameAs":["https:\/\/fr-fr.facebook.com\/centretarn\/","https:\/\/www.youtube.com\/channel\/UCmH971jS42X98fNgJKDqb1A"],"logo":{"@type":"ImageObject","@id":"http:\/\/cb27363e0b.url-de-test.ws\/site\/#logo","inLanguage":"fr-FR","url":"http:\/\/cb27363e0b.url-de-test.ws\/site\/wp-content\/uploads\/2018\/02\/logo-site.png","contentUrl":"http:\/\/cb27363e0b.url-de-test.ws\/site\/wp-content\/uploads\/2018\/02\/logo-site.png","width":149,"height":169,"caption":"Communaut\u00e9 de Communes Centre Tarn"},"image":{"@id":"http:\/\/cb27363e0b.url-de-test.ws\/site\/#logo"}},{"@type":"WebSite","@id":"http:\/\/cb27363e0b.url-de-test.ws\/site\/#website","url":"http:\/\/cb27363e0b.url-de-test.ws\/site\/","name":"Communaut\u00e9 de Communes Centre Tarn","description":"","publisher":{"@id":"http:\/\/cb27363e0b.url-de-test.ws\/site\/#organization"},"potentialAction":[{"@type":"SearchAction","target":{"@type":"EntryPoint","urlTemplate":"http:\/\/cb27363e0b.url-de-test.ws\/site\/?s={search_term_string}"},"query-input":"required name=search_term_string"}],"inLanguage":"fr-FR"},{"@type":"ImageObject","@id":"http:\/\/cb27363e0b.url-de-test.ws\/site\/enfance-jeunesse\/petite-enfance\/creches\/ma-2eme-maison-lafenasse\/#primaryimage","inLanguage":"fr-FR","url":"http:\/\/cb27363e0b.url-de-test.ws\/site\/wp-content\/uploads\/2018\/01\/petite-enfance.jpg","contentUrl":"http:\/\/cb27363e0b.url-de-test.ws\/site\/wp-content\/uploads\/2018\/01\/petite-enfance.jpg","width":640,"height":428},{"@type":"WebPage","@id":"http:\/\/cb27363e0b.url-de-test.ws\/site\/enfance-jeunesse\/petite-enfance\/creches\/ma-2eme-maison-lafenasse\/#webpage","url":"http:\/\/cb27363e0b.url-de-test.ws\/site\/enfance-jeunesse\/petite-enfance\/creches\/ma-2eme-maison-lafenasse\/","name":"Ma 2\u00e8me Maison \u00e0 Lafenasse - Communaut\u00e9 de Communes Centre Tarn","isPartOf":{"@id":"http:\/\/cb27363e0b.url-de-test.ws\/site\/#website"},"primaryImageOfPage":{"@id":"http:\/\/cb27363e0b.url-de-test.ws\/site\/enfance-jeunesse\/petite-enfance\/creches\/ma-2eme-maison-lafenasse\/#primaryimage"},"datePublished":"2017-10-18T12:37:12+00:00","dateModified":"2018-01-31T16:09:24+00:00","breadcrumb":{"@id":"http:\/\/cb27363e0b.url-de-test.ws\/site\/enfance-jeunesse\/petite-enfance\/creches\/ma-2eme-maison-lafenasse\/#breadcrumb"},"inLanguage":"fr-FR","potentialAction":[{"@type":"ReadAction","target":["http:\/\/cb27363e0b.url-de-test.ws\/site\/enfance-jeunesse\/petite-enfance\/creches\/ma-2eme-maison-lafenasse\/"]}]},{"@type":"BreadcrumbList","@id":"http:\/\/cb27363e0b.url-de-test.ws\/site\/enfance-jeunesse\/petite-enfance\/creches\/ma-2eme-maison-lafenasse\/#breadcrumb","itemListElement":[{"@type":"ListItem","position":1,"name":"Accueil","item":"http:\/\/cb27363e0b.url-de-test.ws\/site\/"},{"@type":"ListItem","position":2,"name":"Enfance et Jeunesse","item":"http:\/\/cb27363e0b.url-de-test.ws\/site\/enfance-jeunesse\/"},{"@type":"ListItem","position":3,"name":"Petite Enfance","item":"http:\/\/cb27363e0b.url-de-test.ws\/site\/enfance-jeunesse\/petite-enfance\/"},{"@type":"ListItem","position":4,"name":"Cr\u00e8ches","item":"http:\/\/cb27363e0b.url-de-test.ws\/site\/enfance-jeunesse\/petite-enfance\/creches\/"},{"@type":"ListItem","position":5,"name":"Ma 2\u00e8me Maison \u00e0 Lafenasse"}]}]}},"_links":{"self":[{"href":"http:\/\/cb27363e0b.url-de-test.ws\/site\/wp-json\/wp\/v2\/pages\/691"}],"collection":[{"href":"http:\/\/cb27363e0b.url-de-test.ws\/site\/wp-json\/wp\/v2\/pages"}],"about":[{"href":"http:\/\/cb27363e0b.url-de-test.ws\/site\/wp-json\/wp\/v2\/types\/page"}],"author":[{"embeddable":true,"href":"http:\/\/cb27363e0b.url-de-test.ws\/site\/wp-json\/wp\/v2\/users\/1"}],"replies":[{"embeddable":true,"href":"http:\/\/cb27363e0b.url-de-test.ws\/site\/wp-json\/wp\/v2\/comments?post=691"}],"version-history":[{"count":4,"href":"http:\/\/cb27363e0b.url-de-test.ws\/site\/wp-json\/wp\/v2\/pages\/691\/revisions"}],"predecessor-version":[{"id":1307,"href":"http:\/\/cb27363e0b.url-de-test.ws\/site\/wp-json\/wp\/v2\/pages\/691\/revisions\/1307"}],"up":[{"embeddable":true,"href":"http:\/\/cb27363e0b.url-de-test.ws\/site\/wp-json\/wp\/v2\/pages\/664"}],"wp:featuredmedia":[{"embeddable":true,"href":"http:\/\/cb27363e0b.url-de-test.ws\/site\/wp-json\/wp\/v2\/media\/1634"}],"wp:attachment":[{"href":"http:\/\/cb27363e0b.url-de-test.ws\/site\/wp-json\/wp\/v2\/media?parent=691"}],"curies":[{"name":"wp","href":"https:\/\/api.w.org\/{rel}","templated":true}]}}