{"id":679,"date":"2017-10-17T17:19:17","date_gmt":"2017-10-17T15:19:17","guid":{"rendered":"http:\/\/cb27363e0b.url-de-test.ws\/site\/?page_id=679"},"modified":"2018-06-05T17:28:46","modified_gmt":"2018-06-05T15:28:46","slug":"recherchez-un-professionnel-de-sante","status":"publish","type":"page","link":"http:\/\/cb27363e0b.url-de-test.ws\/site\/sante\/recherchez-un-professionnel-de-sante\/","title":{"rendered":"Recherchez un professionnel de sant\u00e9"},"content":{"rendered":"\r\n\t\t\t\t<form action=\"\" method=\"post\" class=\"searchandfilter\">\r\n\t\t\t\t\t<div>\r\n\t\t\t\t\t\t<ul><li><select  name='oflocalite_sante' id='oflocalite_sante' class='postform' >\n\t<option value='0' selected='selected'>Toutes les Localit\u00e9s<\/option>\n\t<option class=\"level-0\" value=\"84\">LABOUTARI\u00c9<\/option>\n\t<option class=\"level-0\" value=\"90\">MONTREDON-LABESSONNI\u00c9<\/option>\n\t<option class=\"level-0\" value=\"93\">POULAN POUZOLS<\/option>\n\t<option class=\"level-0\" value=\"94\">REALMONT<\/option>\n<\/select>\n<input type=\"hidden\" name=\"oflocalite_sante_operator\" value=\"and\" \/><\/li><li><select  name='ofdomaines_sante' id='ofdomaines_sante' class='postform' >\n\t<option value='0' selected='selected'>Tous les Domaines<\/option>\n\t<option class=\"level-0\" value=\"104\">Centre m\u00e9dico psychologique Adulte<\/option>\n\t<option class=\"level-0\" value=\"102\">Dentiste<\/option>\n\t<option class=\"level-0\" value=\"105\">Di\u00e9t\u00e9ticienne<\/option>\n\t<option class=\"level-0\" value=\"106\">Infirmier\u00b7e<\/option>\n\t<option class=\"level-0\" value=\"87\">Kin\u00e9sith\u00e9rapeute<\/option>\n\t<option class=\"level-0\" value=\"85\">M\u00e9decin g\u00e9n\u00e9raliste<\/option>\n\t<option class=\"level-0\" value=\"101\">Orth\u00e9siste orthop\u00e9diste<\/option>\n\t<option class=\"level-0\" value=\"88\">Orthophoniste<\/option>\n\t<option class=\"level-0\" value=\"100\">Orthoptiste<\/option>\n\t<option class=\"level-0\" value=\"98\">Ost\u00e9opathe<\/option>\n\t<option class=\"level-0\" value=\"91\">P\u00e9dicure podologue<\/option>\n\t<option class=\"level-0\" value=\"173\">Pharmacie<\/option>\n\t<option class=\"level-0\" value=\"89\">Psychologue<\/option>\n\t<option class=\"level-0\" value=\"97\">Psychologue psychoth\u00e9rapeute<\/option>\n\t<option class=\"level-0\" value=\"95\">Psychomotricien\u00b7ne<\/option>\n\t<option class=\"level-0\" value=\"99\">Psychopraticien\u00b7ne<\/option>\n\t<option class=\"level-0\" value=\"92\">Sage-femme<\/option>\n<\/select>\n<input type=\"hidden\" name=\"ofdomaines_sante_operator\" value=\"and\" \/><\/li><li><input type=\"hidden\" name=\"ofsubmitted\" value=\"1\">\r\n\t\t\t\t\t\t\t<input type=\"submit\" value=\"Chercher\">\r\n\t\t\t\t\t\t<\/li><\/ul><\/div>\r\n\t\t\t\t<\/form>\n","protected":false},"excerpt":{"rendered":"Toutes les Localit\u00e9s LABOUTARI\u00c9 MONTREDON-LABESSONNI\u00c9 POULAN POUZOLS REALMONT Tous les Domaines Centre m\u00e9dico psychologique Adulte Dentiste Di\u00e9t\u00e9ticienne Infirmier\u00b7e Kin\u00e9sith\u00e9rapeute M\u00e9decin g\u00e9n\u00e9raliste Orth\u00e9siste orthop\u00e9diste Orthophoniste Orthoptiste Ost\u00e9opathe P\u00e9dicure podologue Pharmacie Psychologue Psychologue psychoth\u00e9rapeute Psychomotricien\u00b7ne Psychopraticien\u00b7ne Sage-femme","protected":false},"author":1,"featured_media":1717,"parent":673,"menu_order":0,"comment_status":"closed","ping_status":"closed","template":"","meta":[],"yoast_head":"<!-- This site is optimized with the Yoast SEO plugin v18.3 - https:\/\/yoast.com\/wordpress\/plugins\/seo\/ -->\n<title>Recherchez un professionnel de sant\u00e9 - Communaut\u00e9 de Communes Centre Tarn<\/title>\n<meta name=\"robots\" content=\"noindex, follow, max-snippet:-1, max-image-preview:large, max-video-preview:-1\" \/>\n<meta property=\"og:locale\" content=\"fr_FR\" \/>\n<meta property=\"og:type\" content=\"article\" \/>\n<meta property=\"og:title\" content=\"Recherchez un professionnel de sant\u00e9 - Communaut\u00e9 de Communes Centre Tarn\" \/>\n<meta property=\"og:url\" content=\"http:\/\/cb27363e0b.url-de-test.ws\/site\/sante\/recherchez-un-professionnel-de-sante\/\" \/>\n<meta property=\"og:site_name\" content=\"Communaut\u00e9 de Communes Centre Tarn\" \/>\n<meta property=\"article:publisher\" content=\"https:\/\/fr-fr.facebook.com\/centretarn\/\" \/>\n<meta property=\"article:modified_time\" content=\"2018-06-05T15:28:46+00:00\" \/>\n<meta property=\"og:image\" content=\"http:\/\/cb27363e0b.url-de-test.ws\/site\/wp-content\/uploads\/2017\/10\/IMG_0763-1024x683.jpg\" \/>\n\t<meta property=\"og:image:width\" content=\"1024\" \/>\n\t<meta property=\"og:image:height\" content=\"683\" \/>\n\t<meta property=\"og:image:type\" content=\"image\/jpeg\" \/>\n<meta name=\"twitter:card\" content=\"summary_large_image\" \/>\n<script type=\"application\/ld+json\" class=\"yoast-schema-graph\">{\"@context\":\"https:\/\/schema.org\",\"@graph\":[{\"@type\":\"Organization\",\"@id\":\"http:\/\/cb27363e0b.url-de-test.ws\/site\/#organization\",\"name\":\"Communaut\u00e9 de Communes Centre Tarn\",\"url\":\"http:\/\/cb27363e0b.url-de-test.ws\/site\/\",\"sameAs\":[\"https:\/\/fr-fr.facebook.com\/centretarn\/\",\"https:\/\/www.youtube.com\/channel\/UCmH971jS42X98fNgJKDqb1A\"],\"logo\":{\"@type\":\"ImageObject\",\"@id\":\"http:\/\/cb27363e0b.url-de-test.ws\/site\/#logo\",\"inLanguage\":\"fr-FR\",\"url\":\"http:\/\/cb27363e0b.url-de-test.ws\/site\/wp-content\/uploads\/2018\/02\/logo-site.png\",\"contentUrl\":\"http:\/\/cb27363e0b.url-de-test.ws\/site\/wp-content\/uploads\/2018\/02\/logo-site.png\",\"width\":149,\"height\":169,\"caption\":\"Communaut\u00e9 de Communes Centre Tarn\"},\"image\":{\"@id\":\"http:\/\/cb27363e0b.url-de-test.ws\/site\/#logo\"}},{\"@type\":\"WebSite\",\"@id\":\"http:\/\/cb27363e0b.url-de-test.ws\/site\/#website\",\"url\":\"http:\/\/cb27363e0b.url-de-test.ws\/site\/\",\"name\":\"Communaut\u00e9 de Communes Centre Tarn\",\"description\":\"\",\"publisher\":{\"@id\":\"http:\/\/cb27363e0b.url-de-test.ws\/site\/#organization\"},\"potentialAction\":[{\"@type\":\"SearchAction\",\"target\":{\"@type\":\"EntryPoint\",\"urlTemplate\":\"http:\/\/cb27363e0b.url-de-test.ws\/site\/?s={search_term_string}\"},\"query-input\":\"required name=search_term_string\"}],\"inLanguage\":\"fr-FR\"},{\"@type\":\"ImageObject\",\"@id\":\"http:\/\/cb27363e0b.url-de-test.ws\/site\/sante\/recherchez-un-professionnel-de-sante\/#primaryimage\",\"inLanguage\":\"fr-FR\",\"url\":\"http:\/\/cb27363e0b.url-de-test.ws\/site\/wp-content\/uploads\/2017\/10\/IMG_0763.jpg\",\"contentUrl\":\"http:\/\/cb27363e0b.url-de-test.ws\/site\/wp-content\/uploads\/2017\/10\/IMG_0763.jpg\",\"width\":4272,\"height\":2848},{\"@type\":\"WebPage\",\"@id\":\"http:\/\/cb27363e0b.url-de-test.ws\/site\/sante\/recherchez-un-professionnel-de-sante\/#webpage\",\"url\":\"http:\/\/cb27363e0b.url-de-test.ws\/site\/sante\/recherchez-un-professionnel-de-sante\/\",\"name\":\"Recherchez un professionnel de sant\u00e9 - Communaut\u00e9 de Communes Centre Tarn\",\"isPartOf\":{\"@id\":\"http:\/\/cb27363e0b.url-de-test.ws\/site\/#website\"},\"primaryImageOfPage\":{\"@id\":\"http:\/\/cb27363e0b.url-de-test.ws\/site\/sante\/recherchez-un-professionnel-de-sante\/#primaryimage\"},\"datePublished\":\"2017-10-17T15:19:17+00:00\",\"dateModified\":\"2018-06-05T15:28:46+00:00\",\"breadcrumb\":{\"@id\":\"http:\/\/cb27363e0b.url-de-test.ws\/site\/sante\/recherchez-un-professionnel-de-sante\/#breadcrumb\"},\"inLanguage\":\"fr-FR\",\"potentialAction\":[{\"@type\":\"ReadAction\",\"target\":[\"http:\/\/cb27363e0b.url-de-test.ws\/site\/sante\/recherchez-un-professionnel-de-sante\/\"]}]},{\"@type\":\"BreadcrumbList\",\"@id\":\"http:\/\/cb27363e0b.url-de-test.ws\/site\/sante\/recherchez-un-professionnel-de-sante\/#breadcrumb\",\"itemListElement\":[{\"@type\":\"ListItem\",\"position\":1,\"name\":\"Accueil\",\"item\":\"http:\/\/cb27363e0b.url-de-test.ws\/site\/\"},{\"@type\":\"ListItem\",\"position\":2,\"name\":\"Sant\u00e9\",\"item\":\"http:\/\/cb27363e0b.url-de-test.ws\/site\/sante\/\"},{\"@type\":\"ListItem\",\"position\":3,\"name\":\"Recherchez un professionnel de sant\u00e9\"}]}]}<\/script>\n<!-- \/ Yoast SEO plugin. -->","yoast_head_json":{"title":"Recherchez un professionnel de sant\u00e9 - Communaut\u00e9 de Communes Centre Tarn","robots":{"index":"noindex","follow":"follow","max-snippet":"max-snippet:-1","max-image-preview":"max-image-preview:large","max-video-preview":"max-video-preview:-1"},"og_locale":"fr_FR","og_type":"article","og_title":"Recherchez un professionnel de sant\u00e9 - Communaut\u00e9 de Communes Centre Tarn","og_url":"http:\/\/cb27363e0b.url-de-test.ws\/site\/sante\/recherchez-un-professionnel-de-sante\/","og_site_name":"Communaut\u00e9 de Communes Centre Tarn","article_publisher":"https:\/\/fr-fr.facebook.com\/centretarn\/","article_modified_time":"2018-06-05T15:28:46+00:00","og_image":[{"width":1024,"height":683,"url":"http:\/\/cb27363e0b.url-de-test.ws\/site\/wp-content\/uploads\/2017\/10\/IMG_0763-1024x683.jpg","type":"image\/jpeg"}],"twitter_card":"summary_large_image","schema":{"@context":"https:\/\/schema.org","@graph":[{"@type":"Organization","@id":"http:\/\/cb27363e0b.url-de-test.ws\/site\/#organization","name":"Communaut\u00e9 de Communes Centre Tarn","url":"http:\/\/cb27363e0b.url-de-test.ws\/site\/","sameAs":["https:\/\/fr-fr.facebook.com\/centretarn\/","https:\/\/www.youtube.com\/channel\/UCmH971jS42X98fNgJKDqb1A"],"logo":{"@type":"ImageObject","@id":"http:\/\/cb27363e0b.url-de-test.ws\/site\/#logo","inLanguage":"fr-FR","url":"http:\/\/cb27363e0b.url-de-test.ws\/site\/wp-content\/uploads\/2018\/02\/logo-site.png","contentUrl":"http:\/\/cb27363e0b.url-de-test.ws\/site\/wp-content\/uploads\/2018\/02\/logo-site.png","width":149,"height":169,"caption":"Communaut\u00e9 de Communes Centre Tarn"},"image":{"@id":"http:\/\/cb27363e0b.url-de-test.ws\/site\/#logo"}},{"@type":"WebSite","@id":"http:\/\/cb27363e0b.url-de-test.ws\/site\/#website","url":"http:\/\/cb27363e0b.url-de-test.ws\/site\/","name":"Communaut\u00e9 de Communes Centre Tarn","description":"","publisher":{"@id":"http:\/\/cb27363e0b.url-de-test.ws\/site\/#organization"},"potentialAction":[{"@type":"SearchAction","target":{"@type":"EntryPoint","urlTemplate":"http:\/\/cb27363e0b.url-de-test.ws\/site\/?s={search_term_string}"},"query-input":"required name=search_term_string"}],"inLanguage":"fr-FR"},{"@type":"ImageObject","@id":"http:\/\/cb27363e0b.url-de-test.ws\/site\/sante\/recherchez-un-professionnel-de-sante\/#primaryimage","inLanguage":"fr-FR","url":"http:\/\/cb27363e0b.url-de-test.ws\/site\/wp-content\/uploads\/2017\/10\/IMG_0763.jpg","contentUrl":"http:\/\/cb27363e0b.url-de-test.ws\/site\/wp-content\/uploads\/2017\/10\/IMG_0763.jpg","width":4272,"height":2848},{"@type":"WebPage","@id":"http:\/\/cb27363e0b.url-de-test.ws\/site\/sante\/recherchez-un-professionnel-de-sante\/#webpage","url":"http:\/\/cb27363e0b.url-de-test.ws\/site\/sante\/recherchez-un-professionnel-de-sante\/","name":"Recherchez un professionnel de sant\u00e9 - Communaut\u00e9 de Communes Centre Tarn","isPartOf":{"@id":"http:\/\/cb27363e0b.url-de-test.ws\/site\/#website"},"primaryImageOfPage":{"@id":"http:\/\/cb27363e0b.url-de-test.ws\/site\/sante\/recherchez-un-professionnel-de-sante\/#primaryimage"},"datePublished":"2017-10-17T15:19:17+00:00","dateModified":"2018-06-05T15:28:46+00:00","breadcrumb":{"@id":"http:\/\/cb27363e0b.url-de-test.ws\/site\/sante\/recherchez-un-professionnel-de-sante\/#breadcrumb"},"inLanguage":"fr-FR","potentialAction":[{"@type":"ReadAction","target":["http:\/\/cb27363e0b.url-de-test.ws\/site\/sante\/recherchez-un-professionnel-de-sante\/"]}]},{"@type":"BreadcrumbList","@id":"http:\/\/cb27363e0b.url-de-test.ws\/site\/sante\/recherchez-un-professionnel-de-sante\/#breadcrumb","itemListElement":[{"@type":"ListItem","position":1,"name":"Accueil","item":"http:\/\/cb27363e0b.url-de-test.ws\/site\/"},{"@type":"ListItem","position":2,"name":"Sant\u00e9","item":"http:\/\/cb27363e0b.url-de-test.ws\/site\/sante\/"},{"@type":"ListItem","position":3,"name":"Recherchez un professionnel de sant\u00e9"}]}]}},"_links":{"self":[{"href":"http:\/\/cb27363e0b.url-de-test.ws\/site\/wp-json\/wp\/v2\/pages\/679"}],"collection":[{"href":"http:\/\/cb27363e0b.url-de-test.ws\/site\/wp-json\/wp\/v2\/pages"}],"about":[{"href":"http:\/\/cb27363e0b.url-de-test.ws\/site\/wp-json\/wp\/v2\/types\/page"}],"author":[{"embeddable":true,"href":"http:\/\/cb27363e0b.url-de-test.ws\/site\/wp-json\/wp\/v2\/users\/1"}],"replies":[{"embeddable":true,"href":"http:\/\/cb27363e0b.url-de-test.ws\/site\/wp-json\/wp\/v2\/comments?post=679"}],"version-history":[{"count":16,"href":"http:\/\/cb27363e0b.url-de-test.ws\/site\/wp-json\/wp\/v2\/pages\/679\/revisions"}],"predecessor-version":[{"id":2314,"href":"http:\/\/cb27363e0b.url-de-test.ws\/site\/wp-json\/wp\/v2\/pages\/679\/revisions\/2314"}],"up":[{"embeddable":true,"href":"http:\/\/cb27363e0b.url-de-test.ws\/site\/wp-json\/wp\/v2\/pages\/673"}],"wp:featuredmedia":[{"embeddable":true,"href":"http:\/\/cb27363e0b.url-de-test.ws\/site\/wp-json\/wp\/v2\/media\/1717"}],"wp:attachment":[{"href":"http:\/\/cb27363e0b.url-de-test.ws\/site\/wp-json\/wp\/v2\/media?parent=679"}],"curies":[{"name":"wp","href":"https:\/\/api.w.org\/{rel}","templated":true}]}}