{"id":677,"date":"2018-01-18T17:18:30","date_gmt":"2018-01-18T16:18:30","guid":{"rendered":"http:\/\/cb27363e0b.url-de-test.ws\/site\/?page_id=677"},"modified":"2018-10-02T10:31:41","modified_gmt":"2018-10-02T08:31:41","slug":"projet-soins-territoire","status":"publish","type":"page","link":"http:\/\/cb27363e0b.url-de-test.ws\/site\/sante\/projet-soins-territoire\/","title":{"rendered":"Projet de soins du territoire"},"content":{"rendered":"<div class=\"c-alert-message m-info\"><i class=\"ico fa fa-info-circle\"><\/i><div class=\"alert-inner\">\nSuite \u00e0 l&rsquo;incendie survenu le 21 novembre 2018 dans les locaux de la Maison de Sant\u00e9 Pluridisciplinaire de Montredon-Labessonni\u00e9, vous trouverez notamment recens\u00e9s dans <a href=\"http:\/\/cb27363e0b.url-de-test.ws\/site\/wp-content\/uploads\/2018\/01\/Relogement_Professionnels_Sante_ML.pdf\" target=\"_blank\" rel=\"noopener\">ce tableau<\/a>, les nouveaux lieux d&rsquo;exercice des professionnels de sant\u00e9.<br \/>\n<button class=\"alert-close\" type=\"button\"><i class=\"fa fa-times\"><\/i><\/button><\/div><\/div>\n<p style=\"text-align: justify;\">Jouant pleinement son r\u00f4le d\u2019acteur local d\u2019am\u00e9nagement, la Communaut\u00e9 de Communes a assur\u00e9 la maitrise d&rsquo;ouvrage de la construction de 2 Maisons de Sant\u00e9 Pluridisciplinaires.<\/p>\n<p style=\"text-align: justify;\">Dans un contexte de crise de la d\u00e9mographie m\u00e9dicale et d\u2019in\u00e9galit\u00e9 de r\u00e9partition g\u00e9ographique de l\u2019offre de soins, les Maisons de sant\u00e9 de R\u00e9almont et Montredon-Labessonni\u00e9 se veulent \u00eatre un moyen de maintenir une offre de sant\u00e9 suffisante, moderne et de qualit\u00e9 sur le territoire Centre Tarn. Ces 2 \u00e9quipements m\u00e9dicaux favorisent la coordination m\u00e9dicale autour d\u2019un parcours de soins adapt\u00e9 \u00e0 la pathologie de chaque patient et permettent de mieux coordonner la coop\u00e9ration entre professionnels de sant\u00e9.<\/p>\n<p style=\"text-align: justify;\">Les professionnels de sant\u00e9 se r\u00e9unissent fr\u00e9quemment pour faire vivre le projet de sant\u00e9, \u00e9labor\u00e9 d\u00e8s 2012, sur le territoire Centre Tarn.<br \/>\nLes principaux objectifs de ce projet sont :<\/p>\n<ul style=\"text-align: justify;\">\n<li>de p\u00e9renniser une offre de soin de proximit\u00e9,<\/li>\n<li>d\u2019optimiser la coordination des soins entre les divers professionnels de sant\u00e9 et contribuer \u00e0 am\u00e9liorer la qualit\u00e9 et la s\u00e9curit\u00e9 des soins des patients,<\/li>\n<li>de pr\u00e9server les professionnels de sant\u00e9 et susciter des collaborations,<\/li>\n<li>de dynamiser les \u00e9quipes de proximit\u00e9,<\/li>\n<li>de faciliter le travail interprofessionnel,<\/li>\n<li>de mettre en ad\u00e9quation l\u2019offre de soins avec les besoins du territoire.<\/li>\n<\/ul>\n<p style=\"text-align: justify;\">Constitu\u00e9s en commissions et groupes de travail, les professionnels de sant\u00e9 \u00e9changent notamment sur la prise en charge et le suivi des maladies chroniques, la mise en \u0153uvre d\u2019actions de pr\u00e9vention, la participation \u00e0 des actions de sant\u00e9 publique ainsi que sur la promotion et la mise en place d\u2019actions d\u2019\u00e9ducation th\u00e9rapeutique.<\/p>\n<p style=\"text-align: justify;\"><a href=\"http:\/\/cb27363e0b.url-de-test.ws\/site\/wp-content\/uploads\/2018\/09\/Brochure_Maison_Sante_Realmont-2017.pdf\" target=\"_blank\" rel=\"noopener\">T\u00e9l\u00e9chargez la brochure de la Maison de Sant\u00e9 Pluridisciplinaire de R\u00e9almont<\/a><\/p>\n","protected":false},"excerpt":{"rendered":"<p>Jouant pleinement son r\u00f4le d\u2019acteur local d\u2019am\u00e9nagement, la Communaut\u00e9 de Communes a assur\u00e9 la maitrise d&rsquo;ouvrage de la construction de 2 Maisons de Sant\u00e9 Pluridisciplinaires. Dans un contexte de crise de la d\u00e9mographie m\u00e9dicale et d\u2019in\u00e9galit\u00e9 de r\u00e9partition g\u00e9ographique de l\u2019offre de soins, les Maisons de sant\u00e9 de R\u00e9almont et Montredon-Labessonni\u00e9 se veulent \u00eatre un [&hellip;]<\/p>\n","protected":false},"author":1,"featured_media":1716,"parent":673,"menu_order":0,"comment_status":"closed","ping_status":"closed","template":"","meta":[],"yoast_head":"<!-- This site is optimized with the Yoast SEO plugin v18.3 - https:\/\/yoast.com\/wordpress\/plugins\/seo\/ -->\n<title>Projet de soins du territoire - Communaut\u00e9 de Communes Centre Tarn<\/title>\n<meta name=\"robots\" content=\"noindex, follow, max-snippet:-1, max-image-preview:large, max-video-preview:-1\" \/>\n<meta property=\"og:locale\" content=\"fr_FR\" \/>\n<meta property=\"og:type\" content=\"article\" \/>\n<meta property=\"og:title\" content=\"Projet de soins du territoire - Communaut\u00e9 de Communes Centre Tarn\" \/>\n<meta property=\"og:description\" content=\"Jouant pleinement son r\u00f4le d\u2019acteur local d\u2019am\u00e9nagement, la Communaut\u00e9 de Communes a assur\u00e9 la maitrise d&rsquo;ouvrage de la construction de 2 Maisons de Sant\u00e9 Pluridisciplinaires. Dans un contexte de crise de la d\u00e9mographie m\u00e9dicale et d\u2019in\u00e9galit\u00e9 de r\u00e9partition g\u00e9ographique de l\u2019offre de soins, les Maisons de sant\u00e9 de R\u00e9almont et Montredon-Labessonni\u00e9 se veulent \u00eatre un [&hellip;]\" \/>\n<meta property=\"og:url\" content=\"http:\/\/cb27363e0b.url-de-test.ws\/site\/sante\/projet-soins-territoire\/\" \/>\n<meta property=\"og:site_name\" content=\"Communaut\u00e9 de Communes Centre Tarn\" \/>\n<meta property=\"article:publisher\" content=\"https:\/\/fr-fr.facebook.com\/centretarn\/\" \/>\n<meta property=\"article:modified_time\" content=\"2018-10-02T08:31:41+00:00\" \/>\n<meta property=\"og:image\" content=\"http:\/\/cb27363e0b.url-de-test.ws\/site\/wp-content\/uploads\/2018\/01\/IMG_2946-1024x683.jpg\" \/>\n\t<meta property=\"og:image:width\" content=\"1024\" \/>\n\t<meta property=\"og:image:height\" content=\"683\" \/>\n\t<meta property=\"og:image:type\" content=\"image\/jpeg\" \/>\n<meta name=\"twitter:card\" content=\"summary_large_image\" \/>\n<meta name=\"twitter:label1\" content=\"Dur\u00e9e de lecture estim\u00e9e\" \/>\n\t<meta name=\"twitter:data1\" content=\"2 minutes\" \/>\n<script type=\"application\/ld+json\" class=\"yoast-schema-graph\">{\"@context\":\"https:\/\/schema.org\",\"@graph\":[{\"@type\":\"Organization\",\"@id\":\"http:\/\/cb27363e0b.url-de-test.ws\/site\/#organization\",\"name\":\"Communaut\u00e9 de Communes Centre Tarn\",\"url\":\"http:\/\/cb27363e0b.url-de-test.ws\/site\/\",\"sameAs\":[\"https:\/\/fr-fr.facebook.com\/centretarn\/\",\"https:\/\/www.youtube.com\/channel\/UCmH971jS42X98fNgJKDqb1A\"],\"logo\":{\"@type\":\"ImageObject\",\"@id\":\"http:\/\/cb27363e0b.url-de-test.ws\/site\/#logo\",\"inLanguage\":\"fr-FR\",\"url\":\"http:\/\/cb27363e0b.url-de-test.ws\/site\/wp-content\/uploads\/2018\/02\/logo-site.png\",\"contentUrl\":\"http:\/\/cb27363e0b.url-de-test.ws\/site\/wp-content\/uploads\/2018\/02\/logo-site.png\",\"width\":149,\"height\":169,\"caption\":\"Communaut\u00e9 de Communes Centre Tarn\"},\"image\":{\"@id\":\"http:\/\/cb27363e0b.url-de-test.ws\/site\/#logo\"}},{\"@type\":\"WebSite\",\"@id\":\"http:\/\/cb27363e0b.url-de-test.ws\/site\/#website\",\"url\":\"http:\/\/cb27363e0b.url-de-test.ws\/site\/\",\"name\":\"Communaut\u00e9 de Communes Centre Tarn\",\"description\":\"\",\"publisher\":{\"@id\":\"http:\/\/cb27363e0b.url-de-test.ws\/site\/#organization\"},\"potentialAction\":[{\"@type\":\"SearchAction\",\"target\":{\"@type\":\"EntryPoint\",\"urlTemplate\":\"http:\/\/cb27363e0b.url-de-test.ws\/site\/?s={search_term_string}\"},\"query-input\":\"required name=search_term_string\"}],\"inLanguage\":\"fr-FR\"},{\"@type\":\"ImageObject\",\"@id\":\"http:\/\/cb27363e0b.url-de-test.ws\/site\/sante\/projet-soins-territoire\/#primaryimage\",\"inLanguage\":\"fr-FR\",\"url\":\"http:\/\/cb27363e0b.url-de-test.ws\/site\/wp-content\/uploads\/2018\/01\/IMG_2946.jpg\",\"contentUrl\":\"http:\/\/cb27363e0b.url-de-test.ws\/site\/wp-content\/uploads\/2018\/01\/IMG_2946.jpg\",\"width\":4272,\"height\":2848},{\"@type\":\"WebPage\",\"@id\":\"http:\/\/cb27363e0b.url-de-test.ws\/site\/sante\/projet-soins-territoire\/#webpage\",\"url\":\"http:\/\/cb27363e0b.url-de-test.ws\/site\/sante\/projet-soins-territoire\/\",\"name\":\"Projet de soins du territoire - Communaut\u00e9 de Communes Centre Tarn\",\"isPartOf\":{\"@id\":\"http:\/\/cb27363e0b.url-de-test.ws\/site\/#website\"},\"primaryImageOfPage\":{\"@id\":\"http:\/\/cb27363e0b.url-de-test.ws\/site\/sante\/projet-soins-territoire\/#primaryimage\"},\"datePublished\":\"2018-01-18T16:18:30+00:00\",\"dateModified\":\"2018-10-02T08:31:41+00:00\",\"breadcrumb\":{\"@id\":\"http:\/\/cb27363e0b.url-de-test.ws\/site\/sante\/projet-soins-territoire\/#breadcrumb\"},\"inLanguage\":\"fr-FR\",\"potentialAction\":[{\"@type\":\"ReadAction\",\"target\":[\"http:\/\/cb27363e0b.url-de-test.ws\/site\/sante\/projet-soins-territoire\/\"]}]},{\"@type\":\"BreadcrumbList\",\"@id\":\"http:\/\/cb27363e0b.url-de-test.ws\/site\/sante\/projet-soins-territoire\/#breadcrumb\",\"itemListElement\":[{\"@type\":\"ListItem\",\"position\":1,\"name\":\"Accueil\",\"item\":\"http:\/\/cb27363e0b.url-de-test.ws\/site\/\"},{\"@type\":\"ListItem\",\"position\":2,\"name\":\"Sant\u00e9\",\"item\":\"http:\/\/cb27363e0b.url-de-test.ws\/site\/sante\/\"},{\"@type\":\"ListItem\",\"position\":3,\"name\":\"Projet de soins du territoire\"}]}]}<\/script>\n<!-- \/ Yoast SEO plugin. -->","yoast_head_json":{"title":"Projet de soins du territoire - Communaut\u00e9 de Communes Centre Tarn","robots":{"index":"noindex","follow":"follow","max-snippet":"max-snippet:-1","max-image-preview":"max-image-preview:large","max-video-preview":"max-video-preview:-1"},"og_locale":"fr_FR","og_type":"article","og_title":"Projet de soins du territoire - Communaut\u00e9 de Communes Centre Tarn","og_description":"Jouant pleinement son r\u00f4le d\u2019acteur local d\u2019am\u00e9nagement, la Communaut\u00e9 de Communes a assur\u00e9 la maitrise d&rsquo;ouvrage de la construction de 2 Maisons de Sant\u00e9 Pluridisciplinaires. Dans un contexte de crise de la d\u00e9mographie m\u00e9dicale et d\u2019in\u00e9galit\u00e9 de r\u00e9partition g\u00e9ographique de l\u2019offre de soins, les Maisons de sant\u00e9 de R\u00e9almont et Montredon-Labessonni\u00e9 se veulent \u00eatre un [&hellip;]","og_url":"http:\/\/cb27363e0b.url-de-test.ws\/site\/sante\/projet-soins-territoire\/","og_site_name":"Communaut\u00e9 de Communes Centre Tarn","article_publisher":"https:\/\/fr-fr.facebook.com\/centretarn\/","article_modified_time":"2018-10-02T08:31:41+00:00","og_image":[{"width":1024,"height":683,"url":"http:\/\/cb27363e0b.url-de-test.ws\/site\/wp-content\/uploads\/2018\/01\/IMG_2946-1024x683.jpg","type":"image\/jpeg"}],"twitter_card":"summary_large_image","twitter_misc":{"Dur\u00e9e de lecture estim\u00e9e":"2 minutes"},"schema":{"@context":"https:\/\/schema.org","@graph":[{"@type":"Organization","@id":"http:\/\/cb27363e0b.url-de-test.ws\/site\/#organization","name":"Communaut\u00e9 de Communes Centre Tarn","url":"http:\/\/cb27363e0b.url-de-test.ws\/site\/","sameAs":["https:\/\/fr-fr.facebook.com\/centretarn\/","https:\/\/www.youtube.com\/channel\/UCmH971jS42X98fNgJKDqb1A"],"logo":{"@type":"ImageObject","@id":"http:\/\/cb27363e0b.url-de-test.ws\/site\/#logo","inLanguage":"fr-FR","url":"http:\/\/cb27363e0b.url-de-test.ws\/site\/wp-content\/uploads\/2018\/02\/logo-site.png","contentUrl":"http:\/\/cb27363e0b.url-de-test.ws\/site\/wp-content\/uploads\/2018\/02\/logo-site.png","width":149,"height":169,"caption":"Communaut\u00e9 de Communes Centre Tarn"},"image":{"@id":"http:\/\/cb27363e0b.url-de-test.ws\/site\/#logo"}},{"@type":"WebSite","@id":"http:\/\/cb27363e0b.url-de-test.ws\/site\/#website","url":"http:\/\/cb27363e0b.url-de-test.ws\/site\/","name":"Communaut\u00e9 de Communes Centre Tarn","description":"","publisher":{"@id":"http:\/\/cb27363e0b.url-de-test.ws\/site\/#organization"},"potentialAction":[{"@type":"SearchAction","target":{"@type":"EntryPoint","urlTemplate":"http:\/\/cb27363e0b.url-de-test.ws\/site\/?s={search_term_string}"},"query-input":"required name=search_term_string"}],"inLanguage":"fr-FR"},{"@type":"ImageObject","@id":"http:\/\/cb27363e0b.url-de-test.ws\/site\/sante\/projet-soins-territoire\/#primaryimage","inLanguage":"fr-FR","url":"http:\/\/cb27363e0b.url-de-test.ws\/site\/wp-content\/uploads\/2018\/01\/IMG_2946.jpg","contentUrl":"http:\/\/cb27363e0b.url-de-test.ws\/site\/wp-content\/uploads\/2018\/01\/IMG_2946.jpg","width":4272,"height":2848},{"@type":"WebPage","@id":"http:\/\/cb27363e0b.url-de-test.ws\/site\/sante\/projet-soins-territoire\/#webpage","url":"http:\/\/cb27363e0b.url-de-test.ws\/site\/sante\/projet-soins-territoire\/","name":"Projet de soins du territoire - Communaut\u00e9 de Communes Centre Tarn","isPartOf":{"@id":"http:\/\/cb27363e0b.url-de-test.ws\/site\/#website"},"primaryImageOfPage":{"@id":"http:\/\/cb27363e0b.url-de-test.ws\/site\/sante\/projet-soins-territoire\/#primaryimage"},"datePublished":"2018-01-18T16:18:30+00:00","dateModified":"2018-10-02T08:31:41+00:00","breadcrumb":{"@id":"http:\/\/cb27363e0b.url-de-test.ws\/site\/sante\/projet-soins-territoire\/#breadcrumb"},"inLanguage":"fr-FR","potentialAction":[{"@type":"ReadAction","target":["http:\/\/cb27363e0b.url-de-test.ws\/site\/sante\/projet-soins-territoire\/"]}]},{"@type":"BreadcrumbList","@id":"http:\/\/cb27363e0b.url-de-test.ws\/site\/sante\/projet-soins-territoire\/#breadcrumb","itemListElement":[{"@type":"ListItem","position":1,"name":"Accueil","item":"http:\/\/cb27363e0b.url-de-test.ws\/site\/"},{"@type":"ListItem","position":2,"name":"Sant\u00e9","item":"http:\/\/cb27363e0b.url-de-test.ws\/site\/sante\/"},{"@type":"ListItem","position":3,"name":"Projet de soins du territoire"}]}]}},"_links":{"self":[{"href":"http:\/\/cb27363e0b.url-de-test.ws\/site\/wp-json\/wp\/v2\/pages\/677"}],"collection":[{"href":"http:\/\/cb27363e0b.url-de-test.ws\/site\/wp-json\/wp\/v2\/pages"}],"about":[{"href":"http:\/\/cb27363e0b.url-de-test.ws\/site\/wp-json\/wp\/v2\/types\/page"}],"author":[{"embeddable":true,"href":"http:\/\/cb27363e0b.url-de-test.ws\/site\/wp-json\/wp\/v2\/users\/1"}],"replies":[{"embeddable":true,"href":"http:\/\/cb27363e0b.url-de-test.ws\/site\/wp-json\/wp\/v2\/comments?post=677"}],"version-history":[{"count":62,"href":"http:\/\/cb27363e0b.url-de-test.ws\/site\/wp-json\/wp\/v2\/pages\/677\/revisions"}],"predecessor-version":[{"id":3404,"href":"http:\/\/cb27363e0b.url-de-test.ws\/site\/wp-json\/wp\/v2\/pages\/677\/revisions\/3404"}],"up":[{"embeddable":true,"href":"http:\/\/cb27363e0b.url-de-test.ws\/site\/wp-json\/wp\/v2\/pages\/673"}],"wp:featuredmedia":[{"embeddable":true,"href":"http:\/\/cb27363e0b.url-de-test.ws\/site\/wp-json\/wp\/v2\/media\/1716"}],"wp:attachment":[{"href":"http:\/\/cb27363e0b.url-de-test.ws\/site\/wp-json\/wp\/v2\/media?parent=677"}],"curies":[{"name":"wp","href":"https:\/\/api.w.org\/{rel}","templated":true}]}}