{"id":2610,"date":"2018-08-14T11:58:16","date_gmt":"2018-08-14T09:58:16","guid":{"rendered":"http:\/\/cb27363e0b.url-de-test.ws\/site\/?page_id=2610"},"modified":"2018-09-27T17:04:02","modified_gmt":"2018-09-27T15:04:02","slug":"reservation-salle","status":"publish","type":"page","link":"http:\/\/cb27363e0b.url-de-test.ws\/site\/reservation-salle\/","title":{"rendered":"R\u00e9server une salle"},"content":{"rendered":"<div role=\"form\" class=\"wpcf7\" id=\"wpcf7-f3370-o1\" lang=\"fr-FR\" dir=\"ltr\">\n<div class=\"screen-reader-response\"><p role=\"status\" aria-live=\"polite\" aria-atomic=\"true\"><\/p> <ul><\/ul><\/div>\n<form action=\"\/site\/wp-json\/wp\/v2\/pages\/2610#wpcf7-f3370-o1\" method=\"post\" class=\"wpcf7-form init\" novalidate=\"novalidate\" data-status=\"init\">\n<div style=\"display: none;\">\n<input type=\"hidden\" name=\"_wpcf7\" value=\"3370\" \/>\n<input type=\"hidden\" name=\"_wpcf7_version\" value=\"5.5.6\" \/>\n<input type=\"hidden\" name=\"_wpcf7_locale\" value=\"fr_FR\" \/>\n<input type=\"hidden\" name=\"_wpcf7_unit_tag\" value=\"wpcf7-f3370-o1\" \/>\n<input type=\"hidden\" name=\"_wpcf7_container_post\" value=\"0\" \/>\n<input type=\"hidden\" name=\"_wpcf7_posted_data_hash\" value=\"\" \/>\n<\/div>\n<h3 style=\"color:#288BD2;\">Informations sur le demandeur<\/h3>\n<p>Les champs marqu\u00e9s d'un * sont obligatoires<\/p>\n<p><label> *Nom de l'organisme<br \/>\n    <span class=\"wpcf7-form-control-wrap nom-demandeur\"><input type=\"text\" name=\"nom-demandeur\" value=\"\" size=\"40\" class=\"wpcf7-form-control wpcf7-text wpcf7-validates-as-required\" aria-required=\"true\" aria-invalid=\"false\" \/><\/span> <\/label><\/p>\n<p><label> *Adresse de l'organisme<br \/>\n    <span class=\"wpcf7-form-control-wrap adresse-demandeur\"><input type=\"text\" name=\"adresse-demandeur\" value=\"\" size=\"40\" class=\"wpcf7-form-control wpcf7-text wpcf7-validates-as-required\" aria-required=\"true\" aria-invalid=\"false\" \/><\/span> <\/label><\/p>\n<div class=\"row\" style=\"margin-bottom:24px;\">\n<div class=\"col-md-6\">\n<label> *Code Postal<br \/>\n    <span class=\"wpcf7-form-control-wrap cp-demandeur\"><input type=\"text\" name=\"cp-demandeur\" value=\"\" size=\"40\" class=\"wpcf7-form-control wpcf7-text wpcf7-validates-as-required\" aria-required=\"true\" aria-invalid=\"false\" \/><\/span> <\/label>\n<\/div>\n<div class=\"col-md-6\">\n<label> *Commune<br \/>\n    <span class=\"wpcf7-form-control-wrap commune-demandeur\"><input type=\"text\" name=\"commune-demandeur\" value=\"\" size=\"40\" class=\"wpcf7-form-control wpcf7-text wpcf7-validates-as-required\" aria-required=\"true\" aria-invalid=\"false\" \/><\/span> <\/label>\n<\/div>\n<\/div>\n<p><label> *Contact<br \/>\n    <span class=\"wpcf7-form-control-wrap representant-demandeur\"><input type=\"text\" name=\"representant-demandeur\" value=\"\" size=\"40\" class=\"wpcf7-form-control wpcf7-text wpcf7-validates-as-required\" aria-required=\"true\" aria-invalid=\"false\" placeholder=\"Repr\u00e9sentant(e) de l&#039;organisme\" \/><\/span> <\/label><\/p>\n<div class=\"row\" style=\"margin-bottom:24px;\">\n<div class=\"col-md-6\">\n<label> *T\u00e9l\u00e9phone<br \/>\n    <span class=\"wpcf7-form-control-wrap telephone-demandeur\"><input type=\"tel\" name=\"telephone-demandeur\" value=\"\" size=\"40\" maxlength=\"10\" minlength=\"10\" class=\"wpcf7-form-control wpcf7-text wpcf7-tel wpcf7-validates-as-required wpcf7-validates-as-tel\" aria-required=\"true\" aria-invalid=\"false\" \/><\/span> <\/label><\/p>\n<\/div>\n<div class=\"col-md-6\">\n<label> *Email<br \/>\n    <span class=\"wpcf7-form-control-wrap email-demandeur\"><input type=\"email\" name=\"email-demandeur\" value=\"\" size=\"40\" class=\"wpcf7-form-control wpcf7-text wpcf7-email wpcf7-validates-as-required wpcf7-validates-as-email\" aria-required=\"true\" aria-invalid=\"false\" \/><\/span> <\/label>\n<\/div>\n<\/div>\n<hr style=\"margin:48px 0 24px 0;color:#ddd;\">\n<h3 style=\"color:#288BD2;\">Dates souhait\u00e9es<\/h3>\n<p style=\"font-size:14px;text-align:justify;\">Pr\u00e9sence obligatoire d'un technicien de la Communaut\u00e9 de Communes pour les \u00e9v\u00e9nements en dehors des heures d'ouverture du b\u00e2timent, selon r\u00e8glement int\u00e9rieur adopt\u00e9 le 10 juillet 2013 par le Conseil de Communaut\u00e9.<\/p>\n<div class=\"row\" style=\"margin-bottom:24px;\">\n<div class=\"col-md-6\" style=\"text-align:center;\">\n*Date de d\u00e9but<br \/>\n    <span class=\"wpcf7-form-control-wrap date-resasalle-debut1\"><input type=\"date\" name=\"date-resasalle-debut1\" value=\"\" class=\"wpcf7-form-control wpcf7-date wpcf7-validates-as-required wpcf7-validates-as-date\" aria-required=\"true\" aria-invalid=\"false\" \/><\/span>\n<\/div>\n<div class=\"col-md-6\" style=\"text-align:center;\">\n*Date de fin<br \/>\n    <span class=\"wpcf7-form-control-wrap date-resasalle-fin1\"><input type=\"date\" name=\"date-resasalle-fin1\" value=\"\" class=\"wpcf7-form-control wpcf7-date wpcf7-validates-as-required wpcf7-validates-as-date\" aria-required=\"true\" aria-invalid=\"false\" \/><\/span>\n<\/div>\n<\/div>\n<div class=\"row\" style=\"margin-bottom:24px;\">\n<div class=\"col-md-2\" style=\"text-align:center;padding-top:10px;\">\n    *D\u00e9but\n<\/div>\n<div class=\"col-md-2\">\n    <span class=\"wpcf7-form-control-wrap heure-debut1\"><select name=\"heure-debut1\" class=\"wpcf7-form-control wpcf7-select wpcf7-validates-as-required custom-form-field\" aria-required=\"true\" aria-invalid=\"false\"><option value=\"00\">00<\/option><option value=\"01\">01<\/option><option value=\"02\">02<\/option><option value=\"03\">03<\/option><option value=\"04\">04<\/option><option value=\"05\">05<\/option><option value=\"06\">06<\/option><option value=\"07\">07<\/option><option value=\"08\">08<\/option><option value=\"09\">09<\/option><option value=\"10\">10<\/option><option value=\"11\">11<\/option><option value=\"12\">12<\/option><option value=\"13\">13<\/option><option value=\"14\">14<\/option><option value=\"15\">15<\/option><option value=\"16\">16<\/option><option value=\"17\">17<\/option><option value=\"18\">18<\/option><option value=\"19\">19<\/option><option value=\"20\">20<\/option><option value=\"21\">21<\/option><option value=\"22\">22<\/option><option value=\"23\">23<\/option><\/select><\/span>\n<\/div>\n<div class=\"col-md-2\">\n    <span class=\"wpcf7-form-control-wrap minute-debut1\"><select name=\"minute-debut1\" class=\"wpcf7-form-control wpcf7-select wpcf7-validates-as-required custom-form-field\" aria-required=\"true\" aria-invalid=\"false\"><option value=\"00\">00<\/option><option value=\"15\">15<\/option><option value=\"30\">30<\/option><option value=\"45\">45<\/option><\/select><\/span>\n<\/div>\n<div class=\"col-md-2\" style=\"text-align:center;padding-top:10px;\">\n    *Fin\n<\/div>\n<div class=\"col-md-2\">\n    <span class=\"wpcf7-form-control-wrap heure-fin1\"><select name=\"heure-fin1\" class=\"wpcf7-form-control wpcf7-select wpcf7-validates-as-required custom-form-field\" aria-required=\"true\" aria-invalid=\"false\"><option value=\"00\">00<\/option><option value=\"01\">01<\/option><option value=\"02\">02<\/option><option value=\"03\">03<\/option><option value=\"04\">04<\/option><option value=\"05\">05<\/option><option value=\"06\">06<\/option><option value=\"07\">07<\/option><option value=\"08\">08<\/option><option value=\"09\">09<\/option><option value=\"10\">10<\/option><option value=\"11\">11<\/option><option value=\"12\">12<\/option><option value=\"13\">13<\/option><option value=\"14\">14<\/option><option value=\"15\">15<\/option><option value=\"16\">16<\/option><option value=\"17\">17<\/option><option value=\"18\">18<\/option><option value=\"19\">19<\/option><option value=\"20\">20<\/option><option value=\"21\">21<\/option><option value=\"22\">22<\/option><option value=\"23\">23<\/option><\/select><\/span>\n<\/div>\n<div class=\"col-md-2\">\n    <span class=\"wpcf7-form-control-wrap minute-fin1\"><select name=\"minute-fin1\" class=\"wpcf7-form-control wpcf7-select wpcf7-validates-as-required custom-form-field\" aria-required=\"true\" aria-invalid=\"false\"><option value=\"00\">00<\/option><option value=\"15\">15<\/option><option value=\"30\">30<\/option><option value=\"45\">45<\/option><\/select><\/span>\n<\/div>\n<\/div>\n<div class=\"c-accordion\" style=\"margin-bottom:24px;\">\n<div class=\"c-content-box\">\n<ul class=\"accordion-items\">\n<li>\n<h4 class=\"accordion-title\">Ajouter d'autres dates <span style=\"font-size:10px;text-transform:lowercase;\">(cliquez ici)<\/span><\/h4>\n<div class=\"accordion-content\">\n<div class=\"row\" style=\"margin-bottom:24px;\">\n<div class=\"col-md-6\" style=\"text-align:center;\">\nDate de d\u00e9but<br \/>\n    <span class=\"wpcf7-form-control-wrap date-resasalle-debut2\"><input type=\"date\" name=\"date-resasalle-debut2\" value=\"\" class=\"wpcf7-form-control wpcf7-date wpcf7-validates-as-date\" aria-invalid=\"false\" \/><\/span>\n<\/div>\n<div class=\"col-md-6\" style=\"text-align:center;\">\nDate de fin<br \/>\n    <span class=\"wpcf7-form-control-wrap date-resasalle-fin2\"><input type=\"date\" name=\"date-resasalle-fin2\" value=\"\" class=\"wpcf7-form-control wpcf7-date wpcf7-validates-as-date\" aria-invalid=\"false\" \/><\/span>\n<\/div>\n<\/div>\n<div class=\"row\" style=\"margin-bottom:24px;\">\n<div class=\"col-md-2\" style=\"text-align:center;padding-top:10px;\">\n\t\t\t\t    D\u00e9but\n\t\t\t\t<\/div>\n<div class=\"col-md-2\">\n\t\t\t\t    <span class=\"wpcf7-form-control-wrap heure-debut2\"><select name=\"heure-debut2\" class=\"wpcf7-form-control wpcf7-select custom-form-field\" aria-invalid=\"false\"><option value=\"00\">00<\/option><option value=\"01\">01<\/option><option value=\"02\">02<\/option><option value=\"03\">03<\/option><option value=\"04\">04<\/option><option value=\"05\">05<\/option><option value=\"06\">06<\/option><option value=\"07\">07<\/option><option value=\"08\">08<\/option><option value=\"09\">09<\/option><option value=\"10\">10<\/option><option value=\"11\">11<\/option><option value=\"12\">12<\/option><option value=\"13\">13<\/option><option value=\"14\">14<\/option><option value=\"15\">15<\/option><option value=\"16\">16<\/option><option value=\"17\">17<\/option><option value=\"18\">18<\/option><option value=\"19\">19<\/option><option value=\"20\">20<\/option><option value=\"21\">21<\/option><option value=\"22\">22<\/option><option value=\"23\">23<\/option><\/select><\/span>\n\t\t\t\t<\/div>\n<div class=\"col-md-2\">\n\t\t\t\t    <span class=\"wpcf7-form-control-wrap minute-debut2\"><select name=\"minute-debut2\" class=\"wpcf7-form-control wpcf7-select custom-form-field\" aria-invalid=\"false\"><option value=\"00\">00<\/option><option value=\"15\">15<\/option><option value=\"30\">30<\/option><option value=\"45\">45<\/option><\/select><\/span>\n\t\t\t\t<\/div>\n<div class=\"col-md-2\" style=\"text-align:center;padding-top:10px;\">\n\t\t\t\t    Fin\n\t\t\t\t<\/div>\n<div class=\"col-md-2\">\n\t\t\t\t    <span class=\"wpcf7-form-control-wrap heure-fin2\"><select name=\"heure-fin2\" class=\"wpcf7-form-control wpcf7-select custom-form-field\" aria-invalid=\"false\"><option value=\"00\">00<\/option><option value=\"01\">01<\/option><option value=\"02\">02<\/option><option value=\"03\">03<\/option><option value=\"04\">04<\/option><option value=\"05\">05<\/option><option value=\"06\">06<\/option><option value=\"07\">07<\/option><option value=\"08\">08<\/option><option value=\"09\">09<\/option><option value=\"10\">10<\/option><option value=\"11\">11<\/option><option value=\"12\">12<\/option><option value=\"13\">13<\/option><option value=\"14\">14<\/option><option value=\"15\">15<\/option><option value=\"16\">16<\/option><option value=\"17\">17<\/option><option value=\"18\">18<\/option><option value=\"19\">19<\/option><option value=\"20\">20<\/option><option value=\"21\">21<\/option><option value=\"22\">22<\/option><option value=\"23\">23<\/option><\/select><\/span>\n\t\t\t\t<\/div>\n<div class=\"col-md-2\">\n\t\t\t\t    <span class=\"wpcf7-form-control-wrap minute-fin2\"><select name=\"minute-fin2\" class=\"wpcf7-form-control wpcf7-select custom-form-field\" aria-invalid=\"false\"><option value=\"00\">00<\/option><option value=\"15\">15<\/option><option value=\"30\">30<\/option><option value=\"45\">45<\/option><\/select><\/span>\n\t\t\t\t<\/div>\n<\/div>\n<\/div>\n<\/li>\n<\/ul>\n<\/div>\n<\/div>\n<hr style=\"margin:48px 0 24px 0;color:#ddd;\">\n<h3 style=\"color:#288BD2;\">D\u00e9tails de la rencontre<\/h3>\n<p><label> *Th\u00e8me de la rencontre<br \/>\n    <span class=\"wpcf7-form-control-wrap theme\"><input type=\"text\" name=\"theme\" value=\"\" size=\"40\" class=\"wpcf7-form-control wpcf7-text wpcf7-validates-as-required\" aria-required=\"true\" aria-invalid=\"false\" \/><\/span> <\/label><\/p>\n<p><label>*Nombre de participants<br \/>\n<span class=\"wpcf7-form-control-wrap nombre-participants\"><input type=\"number\" name=\"nombre-participants\" value=\"\" class=\"wpcf7-form-control wpcf7-number wpcf7-validates-as-required wpcf7-validates-as-number\" min=\"0\" aria-required=\"true\" aria-invalid=\"false\" \/><\/span><\/label><\/p>\n<p><label> Prestations de base incluses<\/label><\/p>\n<div class=\"row\" style=\"margin-bottom:24px;\">\n<div class=\"col-md-4\">\n<span class=\"wpcf7-form-control-wrap presta1\"><span class=\"wpcf7-form-control wpcf7-checkbox\"><span class=\"wpcf7-list-item first\"><input type=\"checkbox\" name=\"presta1[]\" value=\"Tables (2 pers\/table)\" \/><span class=\"wpcf7-list-item-label\">Tables (2 pers\/table)<\/span><\/span><span class=\"wpcf7-list-item\"><input type=\"checkbox\" name=\"presta1[]\" value=\"Mode Conf\u00e9rence\" \/><span class=\"wpcf7-list-item-label\">Mode Conf\u00e9rence<\/span><\/span><span class=\"wpcf7-list-item last\"><input type=\"checkbox\" name=\"presta1[]\" value=\"Un ordinateur\" \/><span class=\"wpcf7-list-item-label\">Un ordinateur<\/span><\/span><\/span><\/span>\n<\/div>\n<div class=\"col-md-4\">\n<span class=\"wpcf7-form-control-wrap presta2\"><span class=\"wpcf7-form-control wpcf7-checkbox\"><span class=\"wpcf7-list-item first\"><input type=\"checkbox\" name=\"presta2[]\" value=\"\u00c9cran + vid\u00e9o-projecteur\" \/><span class=\"wpcf7-list-item-label\">\u00c9cran + vid\u00e9o-projecteur<\/span><\/span><span class=\"wpcf7-list-item\"><input type=\"checkbox\" name=\"presta2[]\" value=\"Micros sans fil\" \/><span class=\"wpcf7-list-item-label\">Micros sans fil<\/span><\/span><span class=\"wpcf7-list-item last\"><input type=\"checkbox\" name=\"presta2[]\" value=\"Connexion Internet\" \/><span class=\"wpcf7-list-item-label\">Connexion Internet<\/span><\/span><\/span><\/span>\n<\/div>\n<div class=\"col-md-4\">\n<span class=\"wpcf7-form-control-wrap presta3\"><span class=\"wpcf7-form-control wpcf7-checkbox\"><span class=\"wpcf7-list-item first\"><input type=\"checkbox\" name=\"presta3[]\" value=\"Paper-board\" \/><span class=\"wpcf7-list-item-label\">Paper-board<\/span><\/span><span class=\"wpcf7-list-item\"><input type=\"checkbox\" name=\"presta3[]\" value=\"Micros col de signe\" \/><span class=\"wpcf7-list-item-label\">Micros col de signe<\/span><\/span><span class=\"wpcf7-list-item last\"><input type=\"checkbox\" name=\"presta3[]\" value=\"Pupitre\" \/><span class=\"wpcf7-list-item-label\">Pupitre<\/span><\/span><\/span><\/span>\n<\/div>\n<\/div>\n<p><label> Prestations en suppl\u00e9ment<\/label><\/p>\n<p style=\"font-size:12px;text-align:justify;\">Prestation m\u00e9nage obligatoire d\u00e8s lors qu'il y a un \u00e9v\u00e9nement avec r\u00e9ception, buffet, restauration sur place.<\/p>\n<div class=\"row\" style=\"margin-bottom:24px;\">\n<div class=\"col-md-6\">\n<span class=\"wpcf7-form-control-wrap prestasupp1\"><span class=\"wpcf7-form-control wpcf7-checkbox\"><span class=\"wpcf7-list-item first\"><input type=\"checkbox\" name=\"prestasupp1[]\" value=\"Restauration sur place (Forfait m\u00e9nage)\" \/><span class=\"wpcf7-list-item-label\">Restauration sur place (Forfait m\u00e9nage)<\/span><\/span><span class=\"wpcf7-list-item last\"><input type=\"checkbox\" name=\"prestasupp1[]\" value=\"Valide ordinateur (5 ou 10)\" \/><span class=\"wpcf7-list-item-label\">Valide ordinateur (5 ou 10)<\/span><\/span><\/span><\/span>\n<\/div>\n<div class=\"col-md-6\">\n<span class=\"wpcf7-form-control-wrap prestasupp2\"><span class=\"wpcf7-form-control wpcf7-checkbox\"><span class=\"wpcf7-list-item first\"><input type=\"checkbox\" name=\"prestasupp2[]\" value=\"Caf\u00e9 d&#039;accueil\" \/><span class=\"wpcf7-list-item-label\">Caf\u00e9 d&#039;accueil<\/span><\/span><span class=\"wpcf7-list-item last\"><input type=\"checkbox\" name=\"prestasupp2[]\" value=\"Visioconf\u00e9rence\" \/><span class=\"wpcf7-list-item-label\">Visioconf\u00e9rence<\/span><\/span><\/span><\/span>\n<\/div>\n<\/div>\n<p><label> Pour r\u00e9ception<\/label><\/p>\n<div class=\"row\" style=\"margin-bottom:24px;\">\n<div class=\"col-md-6\">\n<span class=\"wpcf7-form-control-wrap reception1\"><span class=\"wpcf7-form-control wpcf7-checkbox\"><span class=\"wpcf7-list-item first last\"><input type=\"checkbox\" name=\"reception1[]\" value=\"Patio\" \/><span class=\"wpcf7-list-item-label\">Patio<\/span><\/span><\/span><\/span>\n<\/div>\n<div class=\"col-md-6\">\n<span class=\"wpcf7-form-control-wrap reception2\"><span class=\"wpcf7-form-control wpcf7-checkbox\"><span class=\"wpcf7-list-item first last\"><input type=\"checkbox\" name=\"reception2[]\" value=\"Hall d&#039;accueil\" \/><span class=\"wpcf7-list-item-label\">Hall d&#039;accueil<\/span><\/span><\/span><\/span>\n<\/div>\n<\/div>\n<p><input type=\"submit\" value=\"Envoyer\" class=\"wpcf7-form-control has-spinner wpcf7-submit\" \/><\/p>\n<p><a href=\"http:\/\/cb27363e0b.url-de-test.ws\/site\/wp-content\/uploads\/2017\/11\/Reglement_Interieur_Salles_MAJ_010318.pdf\" target=\"_blank\" rel=\"noopener\">R\u00e8glement int\u00e9rieur (Annexe 5 : Sp\u00e9cificit\u00e9s pour les salles de conf\u00e9rences et de r\u00e9unions)<\/a><br \/>\n<a href=\"http:\/\/cb27363e0b.url-de-test.ws\/site\/plan-acces\/\" target=\"_blank\" rel=\"noopener\">Plan d'acc\u00e8s \u00e0 la Communaut\u00e9 de Communes Centre Tarn<\/a><\/p>\n<div class=\"wpcf7-response-output\" aria-hidden=\"true\"><\/div><\/form><\/div>\n","protected":false},"excerpt":{"rendered":"Informations sur le demandeur Les champs marqu\u00e9s d'un * sont obligatoires *Nom de l'organisme *Adresse de l'organisme *Code Postal *Commune *Contact *T\u00e9l\u00e9phone *Email Dates souhait\u00e9es Pr\u00e9sence obligatoire d'un technicien de la Communaut\u00e9 de Communes pour les \u00e9v\u00e9nements en dehors des heures d'ouverture du b\u00e2timent, selon r\u00e8glement int\u00e9rieur adopt\u00e9 le 10 juillet 2013 par le Conseil [...]","protected":false},"author":1,"featured_media":0,"parent":0,"menu_order":0,"comment_status":"closed","ping_status":"closed","template":"","meta":[],"yoast_head":"<!-- This site is optimized with the Yoast SEO plugin v18.3 - https:\/\/yoast.com\/wordpress\/plugins\/seo\/ -->\n<title>R\u00e9server une salle - Communaut\u00e9 de Communes Centre Tarn<\/title>\n<meta name=\"robots\" content=\"noindex, follow, max-snippet:-1, max-image-preview:large, max-video-preview:-1\" \/>\n<meta property=\"og:locale\" content=\"fr_FR\" \/>\n<meta property=\"og:type\" content=\"article\" \/>\n<meta property=\"og:title\" content=\"R\u00e9server une salle - Communaut\u00e9 de Communes Centre Tarn\" \/>\n<meta property=\"og:url\" content=\"http:\/\/cb27363e0b.url-de-test.ws\/site\/reservation-salle\/\" \/>\n<meta property=\"og:site_name\" content=\"Communaut\u00e9 de Communes Centre Tarn\" \/>\n<meta property=\"article:publisher\" content=\"https:\/\/fr-fr.facebook.com\/centretarn\/\" \/>\n<meta property=\"article:modified_time\" content=\"2018-09-27T15:04:02+00:00\" \/>\n<meta name=\"twitter:card\" content=\"summary_large_image\" \/>\n<script type=\"application\/ld+json\" class=\"yoast-schema-graph\">{\"@context\":\"https:\/\/schema.org\",\"@graph\":[{\"@type\":\"Organization\",\"@id\":\"http:\/\/cb27363e0b.url-de-test.ws\/site\/#organization\",\"name\":\"Communaut\u00e9 de Communes Centre Tarn\",\"url\":\"http:\/\/cb27363e0b.url-de-test.ws\/site\/\",\"sameAs\":[\"https:\/\/fr-fr.facebook.com\/centretarn\/\",\"https:\/\/www.youtube.com\/channel\/UCmH971jS42X98fNgJKDqb1A\"],\"logo\":{\"@type\":\"ImageObject\",\"@id\":\"http:\/\/cb27363e0b.url-de-test.ws\/site\/#logo\",\"inLanguage\":\"fr-FR\",\"url\":\"http:\/\/cb27363e0b.url-de-test.ws\/site\/wp-content\/uploads\/2018\/02\/logo-site.png\",\"contentUrl\":\"http:\/\/cb27363e0b.url-de-test.ws\/site\/wp-content\/uploads\/2018\/02\/logo-site.png\",\"width\":149,\"height\":169,\"caption\":\"Communaut\u00e9 de Communes Centre Tarn\"},\"image\":{\"@id\":\"http:\/\/cb27363e0b.url-de-test.ws\/site\/#logo\"}},{\"@type\":\"WebSite\",\"@id\":\"http:\/\/cb27363e0b.url-de-test.ws\/site\/#website\",\"url\":\"http:\/\/cb27363e0b.url-de-test.ws\/site\/\",\"name\":\"Communaut\u00e9 de Communes Centre Tarn\",\"description\":\"\",\"publisher\":{\"@id\":\"http:\/\/cb27363e0b.url-de-test.ws\/site\/#organization\"},\"potentialAction\":[{\"@type\":\"SearchAction\",\"target\":{\"@type\":\"EntryPoint\",\"urlTemplate\":\"http:\/\/cb27363e0b.url-de-test.ws\/site\/?s={search_term_string}\"},\"query-input\":\"required name=search_term_string\"}],\"inLanguage\":\"fr-FR\"},{\"@type\":\"WebPage\",\"@id\":\"http:\/\/cb27363e0b.url-de-test.ws\/site\/reservation-salle\/#webpage\",\"url\":\"http:\/\/cb27363e0b.url-de-test.ws\/site\/reservation-salle\/\",\"name\":\"R\u00e9server une salle - Communaut\u00e9 de Communes Centre Tarn\",\"isPartOf\":{\"@id\":\"http:\/\/cb27363e0b.url-de-test.ws\/site\/#website\"},\"datePublished\":\"2018-08-14T09:58:16+00:00\",\"dateModified\":\"2018-09-27T15:04:02+00:00\",\"breadcrumb\":{\"@id\":\"http:\/\/cb27363e0b.url-de-test.ws\/site\/reservation-salle\/#breadcrumb\"},\"inLanguage\":\"fr-FR\",\"potentialAction\":[{\"@type\":\"ReadAction\",\"target\":[\"http:\/\/cb27363e0b.url-de-test.ws\/site\/reservation-salle\/\"]}]},{\"@type\":\"BreadcrumbList\",\"@id\":\"http:\/\/cb27363e0b.url-de-test.ws\/site\/reservation-salle\/#breadcrumb\",\"itemListElement\":[{\"@type\":\"ListItem\",\"position\":1,\"name\":\"Accueil\",\"item\":\"http:\/\/cb27363e0b.url-de-test.ws\/site\/\"},{\"@type\":\"ListItem\",\"position\":2,\"name\":\"R\u00e9server une salle\"}]}]}<\/script>\n<!-- \/ Yoast SEO plugin. -->","yoast_head_json":{"title":"R\u00e9server une salle - Communaut\u00e9 de Communes Centre Tarn","robots":{"index":"noindex","follow":"follow","max-snippet":"max-snippet:-1","max-image-preview":"max-image-preview:large","max-video-preview":"max-video-preview:-1"},"og_locale":"fr_FR","og_type":"article","og_title":"R\u00e9server une salle - Communaut\u00e9 de Communes Centre Tarn","og_url":"http:\/\/cb27363e0b.url-de-test.ws\/site\/reservation-salle\/","og_site_name":"Communaut\u00e9 de Communes Centre Tarn","article_publisher":"https:\/\/fr-fr.facebook.com\/centretarn\/","article_modified_time":"2018-09-27T15:04:02+00:00","twitter_card":"summary_large_image","schema":{"@context":"https:\/\/schema.org","@graph":[{"@type":"Organization","@id":"http:\/\/cb27363e0b.url-de-test.ws\/site\/#organization","name":"Communaut\u00e9 de Communes Centre Tarn","url":"http:\/\/cb27363e0b.url-de-test.ws\/site\/","sameAs":["https:\/\/fr-fr.facebook.com\/centretarn\/","https:\/\/www.youtube.com\/channel\/UCmH971jS42X98fNgJKDqb1A"],"logo":{"@type":"ImageObject","@id":"http:\/\/cb27363e0b.url-de-test.ws\/site\/#logo","inLanguage":"fr-FR","url":"http:\/\/cb27363e0b.url-de-test.ws\/site\/wp-content\/uploads\/2018\/02\/logo-site.png","contentUrl":"http:\/\/cb27363e0b.url-de-test.ws\/site\/wp-content\/uploads\/2018\/02\/logo-site.png","width":149,"height":169,"caption":"Communaut\u00e9 de Communes Centre Tarn"},"image":{"@id":"http:\/\/cb27363e0b.url-de-test.ws\/site\/#logo"}},{"@type":"WebSite","@id":"http:\/\/cb27363e0b.url-de-test.ws\/site\/#website","url":"http:\/\/cb27363e0b.url-de-test.ws\/site\/","name":"Communaut\u00e9 de Communes Centre Tarn","description":"","publisher":{"@id":"http:\/\/cb27363e0b.url-de-test.ws\/site\/#organization"},"potentialAction":[{"@type":"SearchAction","target":{"@type":"EntryPoint","urlTemplate":"http:\/\/cb27363e0b.url-de-test.ws\/site\/?s={search_term_string}"},"query-input":"required name=search_term_string"}],"inLanguage":"fr-FR"},{"@type":"WebPage","@id":"http:\/\/cb27363e0b.url-de-test.ws\/site\/reservation-salle\/#webpage","url":"http:\/\/cb27363e0b.url-de-test.ws\/site\/reservation-salle\/","name":"R\u00e9server une salle - Communaut\u00e9 de Communes Centre Tarn","isPartOf":{"@id":"http:\/\/cb27363e0b.url-de-test.ws\/site\/#website"},"datePublished":"2018-08-14T09:58:16+00:00","dateModified":"2018-09-27T15:04:02+00:00","breadcrumb":{"@id":"http:\/\/cb27363e0b.url-de-test.ws\/site\/reservation-salle\/#breadcrumb"},"inLanguage":"fr-FR","potentialAction":[{"@type":"ReadAction","target":["http:\/\/cb27363e0b.url-de-test.ws\/site\/reservation-salle\/"]}]},{"@type":"BreadcrumbList","@id":"http:\/\/cb27363e0b.url-de-test.ws\/site\/reservation-salle\/#breadcrumb","itemListElement":[{"@type":"ListItem","position":1,"name":"Accueil","item":"http:\/\/cb27363e0b.url-de-test.ws\/site\/"},{"@type":"ListItem","position":2,"name":"R\u00e9server une salle"}]}]}},"_links":{"self":[{"href":"http:\/\/cb27363e0b.url-de-test.ws\/site\/wp-json\/wp\/v2\/pages\/2610"}],"collection":[{"href":"http:\/\/cb27363e0b.url-de-test.ws\/site\/wp-json\/wp\/v2\/pages"}],"about":[{"href":"http:\/\/cb27363e0b.url-de-test.ws\/site\/wp-json\/wp\/v2\/types\/page"}],"author":[{"embeddable":true,"href":"http:\/\/cb27363e0b.url-de-test.ws\/site\/wp-json\/wp\/v2\/users\/1"}],"replies":[{"embeddable":true,"href":"http:\/\/cb27363e0b.url-de-test.ws\/site\/wp-json\/wp\/v2\/comments?post=2610"}],"version-history":[{"count":5,"href":"http:\/\/cb27363e0b.url-de-test.ws\/site\/wp-json\/wp\/v2\/pages\/2610\/revisions"}],"predecessor-version":[{"id":2612,"href":"http:\/\/cb27363e0b.url-de-test.ws\/site\/wp-json\/wp\/v2\/pages\/2610\/revisions\/2612"}],"wp:attachment":[{"href":"http:\/\/cb27363e0b.url-de-test.ws\/site\/wp-json\/wp\/v2\/media?parent=2610"}],"curies":[{"name":"wp","href":"https:\/\/api.w.org\/{rel}","templated":true}]}}