{"id":2092,"date":"2018-05-29T16:30:34","date_gmt":"2018-05-29T14:30:34","guid":{"rendered":"http:\/\/cb27363e0b.url-de-test.ws\/site\/?page_id=2092"},"modified":"2018-09-25T11:27:44","modified_gmt":"2018-09-25T09:27:44","slug":"installation-centre-tarn-bonnes-raisons","status":"publish","type":"page","link":"http:\/\/cb27363e0b.url-de-test.ws\/site\/vie-economique\/s-installer\/installation-centre-tarn-bonnes-raisons\/","title":{"rendered":"Les bonnes raisons de s&rsquo;installer en Centre Tarn"},"content":{"rendered":"<p style=\"text-align: justify;\">Les bonnes raisons d\u2019entreprendre en Centre Tarn\u00a0:<\/p>\n<p style=\"text-align: justify;\">&#8211; Une fiscalit\u00e9 avantageuse (ensemble du territoire class\u00e9 en zone de revitalisation rurale)<br \/>\nSous r\u00e9serve de remplir certaines conditions li\u00e9es notamment \u00e0 l\u2019effectif et \u00e0 la nature de l\u2019activit\u00e9 de votre entreprise, vous pouvez b\u00e9n\u00e9ficier temporairement :<\/p>\n<ul style=\"text-align: justify;\">\n<li>d&rsquo;une <strong>exon\u00e9ration d&rsquo;imp\u00f4t sur le revenu ou d&rsquo;imp\u00f4t sur les soci\u00e9t\u00e9s<\/strong> (selon votre choix d&rsquo;imposition pour votre entreprise) \u00e0 raison des b\u00e9n\u00e9fices r\u00e9alis\u00e9s ;<\/li>\n<li>d&rsquo;une <strong>exon\u00e9ration de contribution \u00e9conomique territoriale (CET)<\/strong> : contribution fonci\u00e8re des entreprises (CFE) et contribution sur la valeur ajout\u00e9e des entreprises (CVAE) ;<\/li>\n<li>d\u2019une <strong>exon\u00e9ration de taxe fonci\u00e8re sur les propri\u00e9t\u00e9s b\u00e2ties et de taxe d&rsquo;habitation<\/strong> ;<\/li>\n<li>d&rsquo;une <strong>exon\u00e9ration sur les cotisations sociales<\/strong> en qualit\u00e9 d&#8217;employeur.<\/li>\n<\/ul>\n<p style=\"text-align: justify;\">De plus les taux de la fiscalit\u00e9 directe (dont CFE) vot\u00e9s par notre Communaut\u00e9 de Communes sont, de mani\u00e8re significative, bien inf\u00e9rieurs \u00e0 ceux vot\u00e9s par les territoires voisins.<\/p>\n<p style=\"text-align: justify;\">&#8211; Un immobilier accessible<br \/>\nLa Communaut\u00e9 de Communes dispose de <a href=\"http:\/\/cb27363e0b.url-de-test.ws\/site\/vie-economique\/s-installer\/zones-activites\/\">3 zones d\u2019activit\u00e9 \u00e9conomique<\/a> et propose \u00e0 la vente, \u00e0 partir de 11\u20ac\/m\u00b2, des terrains enti\u00e8rement viabilis\u00e9s (dont fibre optique), situ\u00e9s le long d\u2019axes routiers majeurs.<br \/>\nLes biens immobiliers priv\u00e9s \u00e0 la location ou \u00e0 la vente sont \u00e9galement propos\u00e9s \u00e0 des prix attractifs.<\/p>\n<p style=\"text-align: justify;\">\u2013 Une localisation g\u00e9ographique privil\u00e9gi\u00e9e<br \/>\nNotre territoire est situ\u00e9 en plein c\u0153ur du d\u00e9partement \u00e0 \u00e9quidistance entre Albi (pr\u00e9fecture du Tarn reliant Toulouse en 45 minutes en empruntant l\u2019autoroute et en moins d\u20191h en prenant le train), Castres (sous-pr\u00e9fecture dot\u00e9e d\u2019un a\u00e9roport reliant Paris en moins d\u20191h30) et Gaillac (reliant Toulouse par autoroute en 45 minutes). Il conserve cependant les avantages de la ruralit\u00e9 avec un cadre de vie agr\u00e9able (patrimoine architectural, paysages, authenticit\u00e9, produits locaux, \u2026), un quotidien \u00e0 bas co\u00fbt tout en proposant une offre de services diversifi\u00e9e (maison de services au public, maisons de sant\u00e9 pluridisciplinaire, plus de 50 commerces sur R\u00e9almont, grande surface, structures d&rsquo;accueil petite enfance et enfance\/ jeunesse, \u00e9coles, coll\u00e8ge, \u2026)<\/p>\n<p style=\"text-align: justify;\">&#8211; Un service \u00e9conomique qui vous accompagne dans chacune des \u00e9tapes de votre vie d\u2019entrepreneur (<a href=\"tel:0531819600\">05 31 81 96 00<\/a> \/ <a href=\"mailto:economie@centretarn.fr\">economie@centretarn.fr<\/a>)<\/p>\n","protected":false},"excerpt":{"rendered":"<p>Les bonnes raisons d\u2019entreprendre en Centre Tarn\u00a0: &#8211; Une fiscalit\u00e9 avantageuse (ensemble du territoire class\u00e9 en zone de revitalisation rurale) Sous r\u00e9serve de remplir certaines conditions li\u00e9es notamment \u00e0 l\u2019effectif et \u00e0 la nature de l\u2019activit\u00e9 de votre entreprise, vous pouvez b\u00e9n\u00e9ficier temporairement : d&rsquo;une exon\u00e9ration d&rsquo;imp\u00f4t sur le revenu ou d&rsquo;imp\u00f4t sur les soci\u00e9t\u00e9s [&hellip;]<\/p>\n","protected":false},"author":1,"featured_media":0,"parent":751,"menu_order":0,"comment_status":"closed","ping_status":"closed","template":"","meta":[],"yoast_head":"<!-- This site is optimized with the Yoast SEO plugin v18.3 - https:\/\/yoast.com\/wordpress\/plugins\/seo\/ -->\n<title>Les bonnes raisons de s&#039;installer en Centre Tarn - Communaut\u00e9 de Communes Centre Tarn<\/title>\n<meta name=\"robots\" content=\"noindex, follow, max-snippet:-1, max-image-preview:large, max-video-preview:-1\" \/>\n<meta property=\"og:locale\" content=\"fr_FR\" \/>\n<meta property=\"og:type\" content=\"article\" \/>\n<meta property=\"og:title\" content=\"Les bonnes raisons de s&#039;installer en Centre Tarn - Communaut\u00e9 de Communes Centre Tarn\" \/>\n<meta property=\"og:description\" content=\"Les bonnes raisons d\u2019entreprendre en Centre Tarn\u00a0: &#8211; Une fiscalit\u00e9 avantageuse (ensemble du territoire class\u00e9 en zone de revitalisation rurale) Sous r\u00e9serve de remplir certaines conditions li\u00e9es notamment \u00e0 l\u2019effectif et \u00e0 la nature de l\u2019activit\u00e9 de votre entreprise, vous pouvez b\u00e9n\u00e9ficier temporairement : d&rsquo;une exon\u00e9ration d&rsquo;imp\u00f4t sur le revenu ou d&rsquo;imp\u00f4t sur les soci\u00e9t\u00e9s [&hellip;]\" \/>\n<meta property=\"og:url\" content=\"http:\/\/cb27363e0b.url-de-test.ws\/site\/vie-economique\/s-installer\/installation-centre-tarn-bonnes-raisons\/\" \/>\n<meta property=\"og:site_name\" content=\"Communaut\u00e9 de Communes Centre Tarn\" \/>\n<meta property=\"article:publisher\" content=\"https:\/\/fr-fr.facebook.com\/centretarn\/\" \/>\n<meta property=\"article:modified_time\" content=\"2018-09-25T09:27:44+00:00\" \/>\n<meta name=\"twitter:card\" content=\"summary_large_image\" \/>\n<meta name=\"twitter:label1\" content=\"Dur\u00e9e de lecture estim\u00e9e\" \/>\n\t<meta name=\"twitter:data1\" content=\"2 minutes\" \/>\n<script type=\"application\/ld+json\" class=\"yoast-schema-graph\">{\"@context\":\"https:\/\/schema.org\",\"@graph\":[{\"@type\":\"Organization\",\"@id\":\"http:\/\/cb27363e0b.url-de-test.ws\/site\/#organization\",\"name\":\"Communaut\u00e9 de Communes Centre Tarn\",\"url\":\"http:\/\/cb27363e0b.url-de-test.ws\/site\/\",\"sameAs\":[\"https:\/\/fr-fr.facebook.com\/centretarn\/\",\"https:\/\/www.youtube.com\/channel\/UCmH971jS42X98fNgJKDqb1A\"],\"logo\":{\"@type\":\"ImageObject\",\"@id\":\"http:\/\/cb27363e0b.url-de-test.ws\/site\/#logo\",\"inLanguage\":\"fr-FR\",\"url\":\"http:\/\/cb27363e0b.url-de-test.ws\/site\/wp-content\/uploads\/2018\/02\/logo-site.png\",\"contentUrl\":\"http:\/\/cb27363e0b.url-de-test.ws\/site\/wp-content\/uploads\/2018\/02\/logo-site.png\",\"width\":149,\"height\":169,\"caption\":\"Communaut\u00e9 de Communes Centre Tarn\"},\"image\":{\"@id\":\"http:\/\/cb27363e0b.url-de-test.ws\/site\/#logo\"}},{\"@type\":\"WebSite\",\"@id\":\"http:\/\/cb27363e0b.url-de-test.ws\/site\/#website\",\"url\":\"http:\/\/cb27363e0b.url-de-test.ws\/site\/\",\"name\":\"Communaut\u00e9 de Communes Centre Tarn\",\"description\":\"\",\"publisher\":{\"@id\":\"http:\/\/cb27363e0b.url-de-test.ws\/site\/#organization\"},\"potentialAction\":[{\"@type\":\"SearchAction\",\"target\":{\"@type\":\"EntryPoint\",\"urlTemplate\":\"http:\/\/cb27363e0b.url-de-test.ws\/site\/?s={search_term_string}\"},\"query-input\":\"required name=search_term_string\"}],\"inLanguage\":\"fr-FR\"},{\"@type\":\"WebPage\",\"@id\":\"http:\/\/cb27363e0b.url-de-test.ws\/site\/vie-economique\/s-installer\/installation-centre-tarn-bonnes-raisons\/#webpage\",\"url\":\"http:\/\/cb27363e0b.url-de-test.ws\/site\/vie-economique\/s-installer\/installation-centre-tarn-bonnes-raisons\/\",\"name\":\"Les bonnes raisons de s'installer en Centre Tarn - Communaut\u00e9 de Communes Centre Tarn\",\"isPartOf\":{\"@id\":\"http:\/\/cb27363e0b.url-de-test.ws\/site\/#website\"},\"datePublished\":\"2018-05-29T14:30:34+00:00\",\"dateModified\":\"2018-09-25T09:27:44+00:00\",\"breadcrumb\":{\"@id\":\"http:\/\/cb27363e0b.url-de-test.ws\/site\/vie-economique\/s-installer\/installation-centre-tarn-bonnes-raisons\/#breadcrumb\"},\"inLanguage\":\"fr-FR\",\"potentialAction\":[{\"@type\":\"ReadAction\",\"target\":[\"http:\/\/cb27363e0b.url-de-test.ws\/site\/vie-economique\/s-installer\/installation-centre-tarn-bonnes-raisons\/\"]}]},{\"@type\":\"BreadcrumbList\",\"@id\":\"http:\/\/cb27363e0b.url-de-test.ws\/site\/vie-economique\/s-installer\/installation-centre-tarn-bonnes-raisons\/#breadcrumb\",\"itemListElement\":[{\"@type\":\"ListItem\",\"position\":1,\"name\":\"Accueil\",\"item\":\"http:\/\/cb27363e0b.url-de-test.ws\/site\/\"},{\"@type\":\"ListItem\",\"position\":2,\"name\":\"Vie \u00c9conomique\",\"item\":\"http:\/\/cb27363e0b.url-de-test.ws\/site\/vie-economique\/\"},{\"@type\":\"ListItem\",\"position\":3,\"name\":\"S&rsquo;installer\",\"item\":\"http:\/\/cb27363e0b.url-de-test.ws\/site\/vie-economique\/s-installer\/\"},{\"@type\":\"ListItem\",\"position\":4,\"name\":\"Les bonnes raisons de s&rsquo;installer en Centre Tarn\"}]}]}<\/script>\n<!-- \/ Yoast SEO plugin. -->","yoast_head_json":{"title":"Les bonnes raisons de s'installer en Centre Tarn - Communaut\u00e9 de Communes Centre Tarn","robots":{"index":"noindex","follow":"follow","max-snippet":"max-snippet:-1","max-image-preview":"max-image-preview:large","max-video-preview":"max-video-preview:-1"},"og_locale":"fr_FR","og_type":"article","og_title":"Les bonnes raisons de s'installer en Centre Tarn - Communaut\u00e9 de Communes Centre Tarn","og_description":"Les bonnes raisons d\u2019entreprendre en Centre Tarn\u00a0: &#8211; Une fiscalit\u00e9 avantageuse (ensemble du territoire class\u00e9 en zone de revitalisation rurale) Sous r\u00e9serve de remplir certaines conditions li\u00e9es notamment \u00e0 l\u2019effectif et \u00e0 la nature de l\u2019activit\u00e9 de votre entreprise, vous pouvez b\u00e9n\u00e9ficier temporairement : d&rsquo;une exon\u00e9ration d&rsquo;imp\u00f4t sur le revenu ou d&rsquo;imp\u00f4t sur les soci\u00e9t\u00e9s [&hellip;]","og_url":"http:\/\/cb27363e0b.url-de-test.ws\/site\/vie-economique\/s-installer\/installation-centre-tarn-bonnes-raisons\/","og_site_name":"Communaut\u00e9 de Communes Centre Tarn","article_publisher":"https:\/\/fr-fr.facebook.com\/centretarn\/","article_modified_time":"2018-09-25T09:27:44+00:00","twitter_card":"summary_large_image","twitter_misc":{"Dur\u00e9e de lecture estim\u00e9e":"2 minutes"},"schema":{"@context":"https:\/\/schema.org","@graph":[{"@type":"Organization","@id":"http:\/\/cb27363e0b.url-de-test.ws\/site\/#organization","name":"Communaut\u00e9 de Communes Centre Tarn","url":"http:\/\/cb27363e0b.url-de-test.ws\/site\/","sameAs":["https:\/\/fr-fr.facebook.com\/centretarn\/","https:\/\/www.youtube.com\/channel\/UCmH971jS42X98fNgJKDqb1A"],"logo":{"@type":"ImageObject","@id":"http:\/\/cb27363e0b.url-de-test.ws\/site\/#logo","inLanguage":"fr-FR","url":"http:\/\/cb27363e0b.url-de-test.ws\/site\/wp-content\/uploads\/2018\/02\/logo-site.png","contentUrl":"http:\/\/cb27363e0b.url-de-test.ws\/site\/wp-content\/uploads\/2018\/02\/logo-site.png","width":149,"height":169,"caption":"Communaut\u00e9 de Communes Centre Tarn"},"image":{"@id":"http:\/\/cb27363e0b.url-de-test.ws\/site\/#logo"}},{"@type":"WebSite","@id":"http:\/\/cb27363e0b.url-de-test.ws\/site\/#website","url":"http:\/\/cb27363e0b.url-de-test.ws\/site\/","name":"Communaut\u00e9 de Communes Centre Tarn","description":"","publisher":{"@id":"http:\/\/cb27363e0b.url-de-test.ws\/site\/#organization"},"potentialAction":[{"@type":"SearchAction","target":{"@type":"EntryPoint","urlTemplate":"http:\/\/cb27363e0b.url-de-test.ws\/site\/?s={search_term_string}"},"query-input":"required name=search_term_string"}],"inLanguage":"fr-FR"},{"@type":"WebPage","@id":"http:\/\/cb27363e0b.url-de-test.ws\/site\/vie-economique\/s-installer\/installation-centre-tarn-bonnes-raisons\/#webpage","url":"http:\/\/cb27363e0b.url-de-test.ws\/site\/vie-economique\/s-installer\/installation-centre-tarn-bonnes-raisons\/","name":"Les bonnes raisons de s'installer en Centre Tarn - Communaut\u00e9 de Communes Centre Tarn","isPartOf":{"@id":"http:\/\/cb27363e0b.url-de-test.ws\/site\/#website"},"datePublished":"2018-05-29T14:30:34+00:00","dateModified":"2018-09-25T09:27:44+00:00","breadcrumb":{"@id":"http:\/\/cb27363e0b.url-de-test.ws\/site\/vie-economique\/s-installer\/installation-centre-tarn-bonnes-raisons\/#breadcrumb"},"inLanguage":"fr-FR","potentialAction":[{"@type":"ReadAction","target":["http:\/\/cb27363e0b.url-de-test.ws\/site\/vie-economique\/s-installer\/installation-centre-tarn-bonnes-raisons\/"]}]},{"@type":"BreadcrumbList","@id":"http:\/\/cb27363e0b.url-de-test.ws\/site\/vie-economique\/s-installer\/installation-centre-tarn-bonnes-raisons\/#breadcrumb","itemListElement":[{"@type":"ListItem","position":1,"name":"Accueil","item":"http:\/\/cb27363e0b.url-de-test.ws\/site\/"},{"@type":"ListItem","position":2,"name":"Vie \u00c9conomique","item":"http:\/\/cb27363e0b.url-de-test.ws\/site\/vie-economique\/"},{"@type":"ListItem","position":3,"name":"S&rsquo;installer","item":"http:\/\/cb27363e0b.url-de-test.ws\/site\/vie-economique\/s-installer\/"},{"@type":"ListItem","position":4,"name":"Les bonnes raisons de s&rsquo;installer en Centre Tarn"}]}]}},"_links":{"self":[{"href":"http:\/\/cb27363e0b.url-de-test.ws\/site\/wp-json\/wp\/v2\/pages\/2092"}],"collection":[{"href":"http:\/\/cb27363e0b.url-de-test.ws\/site\/wp-json\/wp\/v2\/pages"}],"about":[{"href":"http:\/\/cb27363e0b.url-de-test.ws\/site\/wp-json\/wp\/v2\/types\/page"}],"author":[{"embeddable":true,"href":"http:\/\/cb27363e0b.url-de-test.ws\/site\/wp-json\/wp\/v2\/users\/1"}],"replies":[{"embeddable":true,"href":"http:\/\/cb27363e0b.url-de-test.ws\/site\/wp-json\/wp\/v2\/comments?post=2092"}],"version-history":[{"count":7,"href":"http:\/\/cb27363e0b.url-de-test.ws\/site\/wp-json\/wp\/v2\/pages\/2092\/revisions"}],"predecessor-version":[{"id":3260,"href":"http:\/\/cb27363e0b.url-de-test.ws\/site\/wp-json\/wp\/v2\/pages\/2092\/revisions\/3260"}],"up":[{"embeddable":true,"href":"http:\/\/cb27363e0b.url-de-test.ws\/site\/wp-json\/wp\/v2\/pages\/751"}],"wp:attachment":[{"href":"http:\/\/cb27363e0b.url-de-test.ws\/site\/wp-json\/wp\/v2\/media?parent=2092"}],"curies":[{"name":"wp","href":"https:\/\/api.w.org\/{rel}","templated":true}]}}