{"id":1818,"date":"2018-02-06T16:11:45","date_gmt":"2018-02-06T15:11:45","guid":{"rendered":"http:\/\/cb27363e0b.url-de-test.ws\/site\/?page_id=1818"},"modified":"2018-11-15T15:08:37","modified_gmt":"2018-11-15T14:08:37","slug":"relais-information-jeunesse","status":"publish","type":"page","link":"http:\/\/cb27363e0b.url-de-test.ws\/site\/vie-quotidienne\/relais-information-jeunesse\/","title":{"rendered":"Relais Information Jeunesse (RIJ)"},"content":{"rendered":"<div class=\"c-tabs\"><div class=\"c-content-box\"><div class=\"tabs-inner\"><ul class=\"tab-list\"><li class=\"tab m-active\"><span class=\"tab-label\">Pr\u00e9sentation<\/span><\/li><li class=\"tab\"><span class=\"tab-label\">Informations<\/span><\/li><\/ul><ul class=\"content-list\">\n<li><h2 style=\"text-align: justify;\">RIJ ? <a href=\"http:\/\/cb27363e0b.url-de-test.ws\/site\/wp-content\/uploads\/2018\/02\/rij-300x280.jpg\"><img loading=\"lazy\" class=\"alignleft size-full wp-image-1821\" src=\"http:\/\/cb27363e0b.url-de-test.ws\/site\/wp-content\/uploads\/2018\/02\/rij-300x280.jpg\" alt=\"\" width=\"300\" height=\"280\" \/><\/a>Pour les bons plans !<\/h2>\n<p style=\"text-align: justify;\">Le RIJ Centre Tarn collabore avec L\u00e9o Lagrange pour donner tous les bons plans aux jeunes de 14 \u00e0 30 ans !<\/p>\n<p style=\"text-align: justify;\">De fait, si vous souhaitez \u00eatre accompagn\u00e9 dans votre quotidien, vous pouvez contacter le RIJ le plus proche de chez vous.<\/p>\n<p style=\"text-align: justify;\">Parce qu&rsquo;entre 14 et 30 ans, les changements sont nombreux, les d\u00e9marches au quotidien peuvent \u00eatre compliqu\u00e9es. Une animatrice vous accueille et vous oriente. Aussi, elle prend en compte votre demande et facilite les liens avec les organismes ou institutions qui r\u00e9pondront au mieux \u00e0 vos besoins.<\/p>\n<p>&nbsp;<\/p>\n<h2>L\u00e9o Lagrange lance un nouveau site internet pour accompagner les Jeunes !<\/h2>\n<p style=\"text-align: justify;\">La coordination Information Jeunesse Tarn soutenue par l\u2019\u00c9tat (DDCSPP81), le Conseil D\u00e9partemental du Tarn, la CAF 81 et la MSA Midi-Pyr\u00e9n\u00e9es Nord propose un <a href=\"https:\/\/www.pourlesjeunestarnais.com\/\" target=\"_blank\" rel=\"noopener\">nouveau site internet d&rsquo;information jeunesse<\/a>.<\/p>\n<p style=\"text-align: justify;\">Ce site offre un panel de r\u00e9ponses dans les th\u00e9matiques de l\u2019information jeunesse. Qu&rsquo;il soit question d&rsquo;orientation scolaire, de formations, de stage de 3\u00e8me. Mais aussi, de logement, job d&rsquo;\u00e9t\u00e9, mobilit\u00e9 internationale, vacances, b\u00e9n\u00e9volat, loisirs, culture&#8230; Vous devriez trouver toutes les th\u00e9matiques qui vous occupent (ou pr\u00e9occupent) dans votre vie de tous les jours.<\/p>\n<p style=\"text-align: justify;\">En outre, ce site propose sp\u00e9cifiquement un recensement et des explications claires sur les ressources et les dispositifs tarnais. L&rsquo;objectif est de faciliter la bonne compr\u00e9hension et donner des conseils adapt\u00e9s. En somme, il s&rsquo;agit d&rsquo;une boite \u00e0 outils et d&rsquo;un r\u00e9pertoire de contacts tarnais qui orientent les jeunes vers les structures et les institutions dont ils ont besoin.<\/p>\n<p style=\"text-align: justify;\"><span style=\"color: #ff6600;\"><strong>Ce site internet est une ressource tant pour les usagers qui recherchent de l\u2019information (parents, jeunes domicili\u00e9s dans le Tarn) que pour les acteurs Jeunesse qui les leur en fournissent.<\/strong><\/span><\/p>\n<\/li>\n<li style=\"display: none;\"><p style=\"text-align: justify;\">Les jeunes du Centre Tarn* peuvent b\u00e9n\u00e9ficier d\u2019un accompagnement \u00e0 la recherche d\u2019informations :<\/p>\n<ul style=\"text-align: justify;\">\n<li>recherche de jobs, de stages<\/li>\n<li>\u00e9tudes, formation continue, formation initiale<\/li>\n<li>projets de vacances, de loisirs<\/li>\n<li>projets de mobilit\u00e9 europ\u00e9enne, internationale<\/li>\n<li>logement, transport, sant\u00e9<\/li>\n<li>b\u00e9n\u00e9volat, engagement citoyen \u2026<\/li>\n<li>formation baby-sitting<\/li>\n<\/ul>\n<p style=\"text-align: justify;\">Le Relais Information Jeunesse a aussi vocation \u00e0 relayer les initiatives locales ; n\u2019h\u00e9sitez pas \u00e0 communiquer les informations susceptibles d\u2019int\u00e9resser les jeunes.<\/p>\n<p>Connectez-vous au site les <a href=\"https:\/\/www.pourlesjeunestarnais.com\/\" target=\"_blank\" rel=\"noopener\">Pour Les Jeunes Tarnais<\/a><\/p>\n<p style=\"text-align: justify;\"><a href=\"https:\/\/www.pourlesjeunestarnais.com\/\"><img loading=\"lazy\" class=\"aligncenter size-medium wp-image-3487\" src=\"http:\/\/cb27363e0b.url-de-test.ws\/site\/wp-content\/uploads\/2018\/02\/encart_pljt-480x317.png\" alt=\"Site Pour els jeunes Tarnais\" width=\"480\" height=\"317\" srcset=\"http:\/\/cb27363e0b.url-de-test.ws\/site\/wp-content\/uploads\/2018\/02\/encart_pljt-480x317.png 480w, http:\/\/cb27363e0b.url-de-test.ws\/site\/wp-content\/uploads\/2018\/02\/encart_pljt-768x507.png 768w, http:\/\/cb27363e0b.url-de-test.ws\/site\/wp-content\/uploads\/2018\/02\/encart_pljt.png 1020w\" sizes=\"(max-width: 480px) 100vw, 480px\" \/><\/a><\/p>\n<p style=\"text-align: justify;\">Pour plus de renseignements, contactez l&rsquo;animatrice : <a href=\"tel:0563792127\">05 63 79 21 27<\/a> \u2013 <a href=\"mailto:msap@centretarn.fr\">msap@centretarn.fr<\/a><\/p>\n<p style=\"text-align: justify;\">*Communes membres de la CC Centre Tarn : Arifat, Montredon-Labessonni\u00e9, Saint-Antonin de Lacalm, Le Travet, Terre-Clapier, Roumegoux, Fauch, Ronel, Saint-Lieux Lafenasse, R\u00e9almont, Laboutari\u00e9, Lombers, Lamillari\u00e9, Sieurac, Orban et Poulan-Pouzols.<\/p>\n<\/li>\n<\/ul><\/div><\/div><\/div>\n","protected":false},"excerpt":{"rendered":"Pr\u00e9sentationInformations RIJ ? Pour les bons plans ! Le RIJ Centre Tarn collabore avec L\u00e9o Lagrange pour donner tous les bons plans aux jeunes de 14 \u00e0 30 ans ! De fait, si vous souhaitez \u00eatre accompagn\u00e9 dans votre quotidien, vous pouvez contacter le RIJ le plus proche de chez vous. Parce qu'entre 14 et [...]","protected":false},"author":1,"featured_media":1824,"parent":887,"menu_order":0,"comment_status":"closed","ping_status":"closed","template":"","meta":[],"yoast_head":"<!-- This site is optimized with the Yoast SEO plugin v18.3 - https:\/\/yoast.com\/wordpress\/plugins\/seo\/ -->\n<title>RIJ : Relai Information Jeunesse en Centre Tarn pour les bons plans<\/title>\n<meta name=\"description\" content=\"Le RIJ (Relai Information Jeunesse) en Centre Tarn vous accompagne pour trouver les bons plans qui faciliteront votre quotidien. Entre 14 et 30 ans, les d\u00e9marches li\u00e9es au changement de vie sont nombreuses et le RIJ sert de guide, en lien avec L\u00e9o Lagrange\" \/>\n<meta name=\"robots\" content=\"noindex, follow, max-snippet:-1, max-image-preview:large, max-video-preview:-1\" \/>\n<meta property=\"og:locale\" content=\"fr_FR\" \/>\n<meta property=\"og:type\" content=\"article\" \/>\n<meta property=\"og:title\" content=\"RIJ : Relai Information Jeunesse en Centre Tarn pour les bons plans\" \/>\n<meta property=\"og:description\" content=\"Le RIJ (Relai Information Jeunesse) en Centre Tarn vous accompagne pour trouver les bons plans qui faciliteront votre quotidien. Entre 14 et 30 ans, les d\u00e9marches li\u00e9es au changement de vie sont nombreuses et le RIJ sert de guide, en lien avec L\u00e9o Lagrange\" \/>\n<meta property=\"og:url\" content=\"http:\/\/cb27363e0b.url-de-test.ws\/site\/vie-quotidienne\/relais-information-jeunesse\/\" \/>\n<meta property=\"og:site_name\" content=\"Communaut\u00e9 de Communes Centre Tarn\" \/>\n<meta property=\"article:publisher\" content=\"https:\/\/fr-fr.facebook.com\/centretarn\/\" \/>\n<meta property=\"article:modified_time\" content=\"2018-11-15T14:08:37+00:00\" \/>\n<meta property=\"og:image\" content=\"http:\/\/cb27363e0b.url-de-test.ws\/site\/wp-content\/uploads\/2018\/02\/Logo-PIJ-seul-e1517930477411.png\" \/>\n\t<meta property=\"og:image:width\" content=\"292\" \/>\n\t<meta property=\"og:image:height\" content=\"292\" \/>\n\t<meta property=\"og:image:type\" content=\"image\/png\" \/>\n<meta name=\"twitter:card\" content=\"summary_large_image\" \/>\n<meta name=\"twitter:label1\" content=\"Dur\u00e9e de lecture estim\u00e9e\" \/>\n\t<meta name=\"twitter:data1\" content=\"2 minutes\" \/>\n<script type=\"application\/ld+json\" class=\"yoast-schema-graph\">{\"@context\":\"https:\/\/schema.org\",\"@graph\":[{\"@type\":\"Organization\",\"@id\":\"http:\/\/cb27363e0b.url-de-test.ws\/site\/#organization\",\"name\":\"Communaut\u00e9 de Communes Centre Tarn\",\"url\":\"http:\/\/cb27363e0b.url-de-test.ws\/site\/\",\"sameAs\":[\"https:\/\/fr-fr.facebook.com\/centretarn\/\",\"https:\/\/www.youtube.com\/channel\/UCmH971jS42X98fNgJKDqb1A\"],\"logo\":{\"@type\":\"ImageObject\",\"@id\":\"http:\/\/cb27363e0b.url-de-test.ws\/site\/#logo\",\"inLanguage\":\"fr-FR\",\"url\":\"http:\/\/cb27363e0b.url-de-test.ws\/site\/wp-content\/uploads\/2018\/02\/logo-site.png\",\"contentUrl\":\"http:\/\/cb27363e0b.url-de-test.ws\/site\/wp-content\/uploads\/2018\/02\/logo-site.png\",\"width\":149,\"height\":169,\"caption\":\"Communaut\u00e9 de Communes Centre Tarn\"},\"image\":{\"@id\":\"http:\/\/cb27363e0b.url-de-test.ws\/site\/#logo\"}},{\"@type\":\"WebSite\",\"@id\":\"http:\/\/cb27363e0b.url-de-test.ws\/site\/#website\",\"url\":\"http:\/\/cb27363e0b.url-de-test.ws\/site\/\",\"name\":\"Communaut\u00e9 de Communes Centre Tarn\",\"description\":\"\",\"publisher\":{\"@id\":\"http:\/\/cb27363e0b.url-de-test.ws\/site\/#organization\"},\"potentialAction\":[{\"@type\":\"SearchAction\",\"target\":{\"@type\":\"EntryPoint\",\"urlTemplate\":\"http:\/\/cb27363e0b.url-de-test.ws\/site\/?s={search_term_string}\"},\"query-input\":\"required name=search_term_string\"}],\"inLanguage\":\"fr-FR\"},{\"@type\":\"ImageObject\",\"@id\":\"http:\/\/cb27363e0b.url-de-test.ws\/site\/vie-quotidienne\/relais-information-jeunesse\/#primaryimage\",\"inLanguage\":\"fr-FR\",\"url\":\"http:\/\/cb27363e0b.url-de-test.ws\/site\/wp-content\/uploads\/2018\/02\/Logo-PIJ-seul-e1517930477411.png\",\"contentUrl\":\"http:\/\/cb27363e0b.url-de-test.ws\/site\/wp-content\/uploads\/2018\/02\/Logo-PIJ-seul-e1517930477411.png\",\"width\":292,\"height\":292},{\"@type\":\"WebPage\",\"@id\":\"http:\/\/cb27363e0b.url-de-test.ws\/site\/vie-quotidienne\/relais-information-jeunesse\/#webpage\",\"url\":\"http:\/\/cb27363e0b.url-de-test.ws\/site\/vie-quotidienne\/relais-information-jeunesse\/\",\"name\":\"RIJ : Relai Information Jeunesse en Centre Tarn pour les bons plans\",\"isPartOf\":{\"@id\":\"http:\/\/cb27363e0b.url-de-test.ws\/site\/#website\"},\"primaryImageOfPage\":{\"@id\":\"http:\/\/cb27363e0b.url-de-test.ws\/site\/vie-quotidienne\/relais-information-jeunesse\/#primaryimage\"},\"datePublished\":\"2018-02-06T15:11:45+00:00\",\"dateModified\":\"2018-11-15T14:08:37+00:00\",\"description\":\"Le RIJ (Relai Information Jeunesse) en Centre Tarn vous accompagne pour trouver les bons plans qui faciliteront votre quotidien. Entre 14 et 30 ans, les d\u00e9marches li\u00e9es au changement de vie sont nombreuses et le RIJ sert de guide, en lien avec L\u00e9o Lagrange\",\"breadcrumb\":{\"@id\":\"http:\/\/cb27363e0b.url-de-test.ws\/site\/vie-quotidienne\/relais-information-jeunesse\/#breadcrumb\"},\"inLanguage\":\"fr-FR\",\"potentialAction\":[{\"@type\":\"ReadAction\",\"target\":[\"http:\/\/cb27363e0b.url-de-test.ws\/site\/vie-quotidienne\/relais-information-jeunesse\/\"]}]},{\"@type\":\"BreadcrumbList\",\"@id\":\"http:\/\/cb27363e0b.url-de-test.ws\/site\/vie-quotidienne\/relais-information-jeunesse\/#breadcrumb\",\"itemListElement\":[{\"@type\":\"ListItem\",\"position\":1,\"name\":\"Accueil\",\"item\":\"http:\/\/cb27363e0b.url-de-test.ws\/site\/\"},{\"@type\":\"ListItem\",\"position\":2,\"name\":\"Vie Quotidienne\",\"item\":\"http:\/\/cb27363e0b.url-de-test.ws\/site\/vie-quotidienne\/\"},{\"@type\":\"ListItem\",\"position\":3,\"name\":\"Relais Information Jeunesse (RIJ)\"}]}]}<\/script>\n<!-- \/ Yoast SEO plugin. -->","yoast_head_json":{"title":"RIJ : Relai Information Jeunesse en Centre Tarn pour les bons plans","description":"Le RIJ (Relai Information Jeunesse) en Centre Tarn vous accompagne pour trouver les bons plans qui faciliteront votre quotidien. Entre 14 et 30 ans, les d\u00e9marches li\u00e9es au changement de vie sont nombreuses et le RIJ sert de guide, en lien avec L\u00e9o Lagrange","robots":{"index":"noindex","follow":"follow","max-snippet":"max-snippet:-1","max-image-preview":"max-image-preview:large","max-video-preview":"max-video-preview:-1"},"og_locale":"fr_FR","og_type":"article","og_title":"RIJ : Relai Information Jeunesse en Centre Tarn pour les bons plans","og_description":"Le RIJ (Relai Information Jeunesse) en Centre Tarn vous accompagne pour trouver les bons plans qui faciliteront votre quotidien. Entre 14 et 30 ans, les d\u00e9marches li\u00e9es au changement de vie sont nombreuses et le RIJ sert de guide, en lien avec L\u00e9o Lagrange","og_url":"http:\/\/cb27363e0b.url-de-test.ws\/site\/vie-quotidienne\/relais-information-jeunesse\/","og_site_name":"Communaut\u00e9 de Communes Centre Tarn","article_publisher":"https:\/\/fr-fr.facebook.com\/centretarn\/","article_modified_time":"2018-11-15T14:08:37+00:00","og_image":[{"width":292,"height":292,"url":"http:\/\/cb27363e0b.url-de-test.ws\/site\/wp-content\/uploads\/2018\/02\/Logo-PIJ-seul-e1517930477411.png","type":"image\/png"}],"twitter_card":"summary_large_image","twitter_misc":{"Dur\u00e9e de lecture estim\u00e9e":"2 minutes"},"schema":{"@context":"https:\/\/schema.org","@graph":[{"@type":"Organization","@id":"http:\/\/cb27363e0b.url-de-test.ws\/site\/#organization","name":"Communaut\u00e9 de Communes Centre Tarn","url":"http:\/\/cb27363e0b.url-de-test.ws\/site\/","sameAs":["https:\/\/fr-fr.facebook.com\/centretarn\/","https:\/\/www.youtube.com\/channel\/UCmH971jS42X98fNgJKDqb1A"],"logo":{"@type":"ImageObject","@id":"http:\/\/cb27363e0b.url-de-test.ws\/site\/#logo","inLanguage":"fr-FR","url":"http:\/\/cb27363e0b.url-de-test.ws\/site\/wp-content\/uploads\/2018\/02\/logo-site.png","contentUrl":"http:\/\/cb27363e0b.url-de-test.ws\/site\/wp-content\/uploads\/2018\/02\/logo-site.png","width":149,"height":169,"caption":"Communaut\u00e9 de Communes Centre Tarn"},"image":{"@id":"http:\/\/cb27363e0b.url-de-test.ws\/site\/#logo"}},{"@type":"WebSite","@id":"http:\/\/cb27363e0b.url-de-test.ws\/site\/#website","url":"http:\/\/cb27363e0b.url-de-test.ws\/site\/","name":"Communaut\u00e9 de Communes Centre Tarn","description":"","publisher":{"@id":"http:\/\/cb27363e0b.url-de-test.ws\/site\/#organization"},"potentialAction":[{"@type":"SearchAction","target":{"@type":"EntryPoint","urlTemplate":"http:\/\/cb27363e0b.url-de-test.ws\/site\/?s={search_term_string}"},"query-input":"required name=search_term_string"}],"inLanguage":"fr-FR"},{"@type":"ImageObject","@id":"http:\/\/cb27363e0b.url-de-test.ws\/site\/vie-quotidienne\/relais-information-jeunesse\/#primaryimage","inLanguage":"fr-FR","url":"http:\/\/cb27363e0b.url-de-test.ws\/site\/wp-content\/uploads\/2018\/02\/Logo-PIJ-seul-e1517930477411.png","contentUrl":"http:\/\/cb27363e0b.url-de-test.ws\/site\/wp-content\/uploads\/2018\/02\/Logo-PIJ-seul-e1517930477411.png","width":292,"height":292},{"@type":"WebPage","@id":"http:\/\/cb27363e0b.url-de-test.ws\/site\/vie-quotidienne\/relais-information-jeunesse\/#webpage","url":"http:\/\/cb27363e0b.url-de-test.ws\/site\/vie-quotidienne\/relais-information-jeunesse\/","name":"RIJ : Relai Information Jeunesse en Centre Tarn pour les bons plans","isPartOf":{"@id":"http:\/\/cb27363e0b.url-de-test.ws\/site\/#website"},"primaryImageOfPage":{"@id":"http:\/\/cb27363e0b.url-de-test.ws\/site\/vie-quotidienne\/relais-information-jeunesse\/#primaryimage"},"datePublished":"2018-02-06T15:11:45+00:00","dateModified":"2018-11-15T14:08:37+00:00","description":"Le RIJ (Relai Information Jeunesse) en Centre Tarn vous accompagne pour trouver les bons plans qui faciliteront votre quotidien. Entre 14 et 30 ans, les d\u00e9marches li\u00e9es au changement de vie sont nombreuses et le RIJ sert de guide, en lien avec L\u00e9o Lagrange","breadcrumb":{"@id":"http:\/\/cb27363e0b.url-de-test.ws\/site\/vie-quotidienne\/relais-information-jeunesse\/#breadcrumb"},"inLanguage":"fr-FR","potentialAction":[{"@type":"ReadAction","target":["http:\/\/cb27363e0b.url-de-test.ws\/site\/vie-quotidienne\/relais-information-jeunesse\/"]}]},{"@type":"BreadcrumbList","@id":"http:\/\/cb27363e0b.url-de-test.ws\/site\/vie-quotidienne\/relais-information-jeunesse\/#breadcrumb","itemListElement":[{"@type":"ListItem","position":1,"name":"Accueil","item":"http:\/\/cb27363e0b.url-de-test.ws\/site\/"},{"@type":"ListItem","position":2,"name":"Vie Quotidienne","item":"http:\/\/cb27363e0b.url-de-test.ws\/site\/vie-quotidienne\/"},{"@type":"ListItem","position":3,"name":"Relais Information Jeunesse (RIJ)"}]}]}},"_links":{"self":[{"href":"http:\/\/cb27363e0b.url-de-test.ws\/site\/wp-json\/wp\/v2\/pages\/1818"}],"collection":[{"href":"http:\/\/cb27363e0b.url-de-test.ws\/site\/wp-json\/wp\/v2\/pages"}],"about":[{"href":"http:\/\/cb27363e0b.url-de-test.ws\/site\/wp-json\/wp\/v2\/types\/page"}],"author":[{"embeddable":true,"href":"http:\/\/cb27363e0b.url-de-test.ws\/site\/wp-json\/wp\/v2\/users\/1"}],"replies":[{"embeddable":true,"href":"http:\/\/cb27363e0b.url-de-test.ws\/site\/wp-json\/wp\/v2\/comments?post=1818"}],"version-history":[{"count":17,"href":"http:\/\/cb27363e0b.url-de-test.ws\/site\/wp-json\/wp\/v2\/pages\/1818\/revisions"}],"predecessor-version":[{"id":3564,"href":"http:\/\/cb27363e0b.url-de-test.ws\/site\/wp-json\/wp\/v2\/pages\/1818\/revisions\/3564"}],"up":[{"embeddable":true,"href":"http:\/\/cb27363e0b.url-de-test.ws\/site\/wp-json\/wp\/v2\/pages\/887"}],"wp:featuredmedia":[{"embeddable":true,"href":"http:\/\/cb27363e0b.url-de-test.ws\/site\/wp-json\/wp\/v2\/media\/1824"}],"wp:attachment":[{"href":"http:\/\/cb27363e0b.url-de-test.ws\/site\/wp-json\/wp\/v2\/media?parent=1818"}],"curies":[{"name":"wp","href":"https:\/\/api.w.org\/{rel}","templated":true}]}}