{"id":1380,"date":"2018-01-23T12:33:17","date_gmt":"2018-01-23T11:33:17","guid":{"rendered":"http:\/\/cb27363e0b.url-de-test.ws\/site\/?page_id=1380"},"modified":"2018-08-03T11:45:51","modified_gmt":"2018-08-03T09:45:51","slug":"relais-information-jeunesse","status":"publish","type":"page","link":"http:\/\/cb27363e0b.url-de-test.ws\/site\/enfance-jeunesse\/jeunesse\/relais-information-jeunesse\/","title":{"rendered":"Relais Information Jeunesse"},"content":{"rendered":"<p style=\"text-align: justify;\">Les jeunes du Centre Tarn* peuvent b\u00e9n\u00e9ficier d\u2019un accompagnement \u00e0 la recherche d\u2019informations :<\/p>\n<ul style=\"text-align: justify;\">\n<li>recherche de jobs, de stages<\/li>\n<li>\u00e9tudes, formation continue, formation initiale<\/li>\n<li>projets de vacances, de loisirs<\/li>\n<li>projets de mobilit\u00e9 europ\u00e9enne, internationale<\/li>\n<li>logement, transport, sant\u00e9<\/li>\n<li>b\u00e9n\u00e9volat, engagement citoyen \u2026<\/li>\n<li>formation baby-sitting<\/li>\n<\/ul>\n<p style=\"text-align: justify;\">Le Relais Information Jeunesse a aussi vocation \u00e0 relayer les initiatives locales ; n\u2019h\u00e9sitez pas \u00e0 communiquer les informations susceptibles d\u2019int\u00e9resser les jeunes.<\/p>\n<p style=\"text-align: justify;\">Pour plus de renseignements, contactez l&rsquo;animatrice : <a href=\"tel:0563792127\">05 63 79 21 27<\/a> \u2013 <a href=\"mailto:msap@centretarn.fr\">msap@centretarn.fr<\/a><\/p>\n<p style=\"text-align: justify;\">*Communes membres de la CC Centre Tarn : Arifat, Montredon-Labessonni\u00e9, Saint-Antonin de Lacalm, Le Travet, Terre-Clapier, Roumegoux, Fauch, Ronel, Saint-Lieux Lafenasse, R\u00e9almont, Laboutari\u00e9, Lombers, Lamillari\u00e9, Sieurac, Orban et Poulan-Pouzols.<\/p>\n","protected":false},"excerpt":{"rendered":"<p>Les jeunes du Centre Tarn* peuvent b\u00e9n\u00e9ficier d\u2019un accompagnement \u00e0 la recherche d\u2019informations : recherche de jobs, de stages \u00e9tudes, formation continue, formation initiale projets de vacances, de loisirs projets de mobilit\u00e9 europ\u00e9enne, internationale logement, transport, sant\u00e9 b\u00e9n\u00e9volat, engagement citoyen \u2026 formation baby-sitting Le Relais Information Jeunesse a aussi vocation \u00e0 relayer les initiatives locales [&hellip;]<\/p>\n","protected":false},"author":1,"featured_media":1700,"parent":670,"menu_order":0,"comment_status":"closed","ping_status":"closed","template":"","meta":[],"yoast_head":"<!-- This site is optimized with the Yoast SEO plugin v18.3 - https:\/\/yoast.com\/wordpress\/plugins\/seo\/ -->\n<title>Relais Information Jeunesse - Communaut\u00e9 de Communes Centre Tarn<\/title>\n<meta name=\"robots\" content=\"noindex, follow, max-snippet:-1, max-image-preview:large, max-video-preview:-1\" \/>\n<meta property=\"og:locale\" content=\"fr_FR\" \/>\n<meta property=\"og:type\" content=\"article\" \/>\n<meta property=\"og:title\" content=\"Relais Information Jeunesse - Communaut\u00e9 de Communes Centre Tarn\" \/>\n<meta property=\"og:description\" content=\"Les jeunes du Centre Tarn* peuvent b\u00e9n\u00e9ficier d\u2019un accompagnement \u00e0 la recherche d\u2019informations : recherche de jobs, de stages \u00e9tudes, formation continue, formation initiale projets de vacances, de loisirs projets de mobilit\u00e9 europ\u00e9enne, internationale logement, transport, sant\u00e9 b\u00e9n\u00e9volat, engagement citoyen \u2026 formation baby-sitting Le Relais Information Jeunesse a aussi vocation \u00e0 relayer les initiatives locales [&hellip;]\" \/>\n<meta property=\"og:url\" content=\"http:\/\/cb27363e0b.url-de-test.ws\/site\/enfance-jeunesse\/jeunesse\/relais-information-jeunesse\/\" \/>\n<meta property=\"og:site_name\" content=\"Communaut\u00e9 de Communes Centre Tarn\" \/>\n<meta property=\"article:publisher\" content=\"https:\/\/fr-fr.facebook.com\/centretarn\/\" \/>\n<meta property=\"article:modified_time\" content=\"2018-08-03T09:45:51+00:00\" \/>\n<meta property=\"og:image\" content=\"http:\/\/cb27363e0b.url-de-test.ws\/site\/wp-content\/uploads\/2018\/01\/RIJ-1.jpg\" \/>\n\t<meta property=\"og:image:width\" content=\"640\" \/>\n\t<meta property=\"og:image:height\" content=\"436\" \/>\n\t<meta property=\"og:image:type\" content=\"image\/jpeg\" \/>\n<meta name=\"twitter:card\" content=\"summary_large_image\" \/>\n<meta name=\"twitter:label1\" content=\"Dur\u00e9e de lecture estim\u00e9e\" \/>\n\t<meta name=\"twitter:data1\" content=\"1 minute\" \/>\n<script type=\"application\/ld+json\" class=\"yoast-schema-graph\">{\"@context\":\"https:\/\/schema.org\",\"@graph\":[{\"@type\":\"Organization\",\"@id\":\"http:\/\/cb27363e0b.url-de-test.ws\/site\/#organization\",\"name\":\"Communaut\u00e9 de Communes Centre Tarn\",\"url\":\"http:\/\/cb27363e0b.url-de-test.ws\/site\/\",\"sameAs\":[\"https:\/\/fr-fr.facebook.com\/centretarn\/\",\"https:\/\/www.youtube.com\/channel\/UCmH971jS42X98fNgJKDqb1A\"],\"logo\":{\"@type\":\"ImageObject\",\"@id\":\"http:\/\/cb27363e0b.url-de-test.ws\/site\/#logo\",\"inLanguage\":\"fr-FR\",\"url\":\"http:\/\/cb27363e0b.url-de-test.ws\/site\/wp-content\/uploads\/2018\/02\/logo-site.png\",\"contentUrl\":\"http:\/\/cb27363e0b.url-de-test.ws\/site\/wp-content\/uploads\/2018\/02\/logo-site.png\",\"width\":149,\"height\":169,\"caption\":\"Communaut\u00e9 de Communes Centre Tarn\"},\"image\":{\"@id\":\"http:\/\/cb27363e0b.url-de-test.ws\/site\/#logo\"}},{\"@type\":\"WebSite\",\"@id\":\"http:\/\/cb27363e0b.url-de-test.ws\/site\/#website\",\"url\":\"http:\/\/cb27363e0b.url-de-test.ws\/site\/\",\"name\":\"Communaut\u00e9 de Communes Centre Tarn\",\"description\":\"\",\"publisher\":{\"@id\":\"http:\/\/cb27363e0b.url-de-test.ws\/site\/#organization\"},\"potentialAction\":[{\"@type\":\"SearchAction\",\"target\":{\"@type\":\"EntryPoint\",\"urlTemplate\":\"http:\/\/cb27363e0b.url-de-test.ws\/site\/?s={search_term_string}\"},\"query-input\":\"required name=search_term_string\"}],\"inLanguage\":\"fr-FR\"},{\"@type\":\"ImageObject\",\"@id\":\"http:\/\/cb27363e0b.url-de-test.ws\/site\/enfance-jeunesse\/jeunesse\/relais-information-jeunesse\/#primaryimage\",\"inLanguage\":\"fr-FR\",\"url\":\"http:\/\/cb27363e0b.url-de-test.ws\/site\/wp-content\/uploads\/2018\/01\/RIJ-1.jpg\",\"contentUrl\":\"http:\/\/cb27363e0b.url-de-test.ws\/site\/wp-content\/uploads\/2018\/01\/RIJ-1.jpg\",\"width\":640,\"height\":436},{\"@type\":\"WebPage\",\"@id\":\"http:\/\/cb27363e0b.url-de-test.ws\/site\/enfance-jeunesse\/jeunesse\/relais-information-jeunesse\/#webpage\",\"url\":\"http:\/\/cb27363e0b.url-de-test.ws\/site\/enfance-jeunesse\/jeunesse\/relais-information-jeunesse\/\",\"name\":\"Relais Information Jeunesse - Communaut\u00e9 de Communes Centre Tarn\",\"isPartOf\":{\"@id\":\"http:\/\/cb27363e0b.url-de-test.ws\/site\/#website\"},\"primaryImageOfPage\":{\"@id\":\"http:\/\/cb27363e0b.url-de-test.ws\/site\/enfance-jeunesse\/jeunesse\/relais-information-jeunesse\/#primaryimage\"},\"datePublished\":\"2018-01-23T11:33:17+00:00\",\"dateModified\":\"2018-08-03T09:45:51+00:00\",\"breadcrumb\":{\"@id\":\"http:\/\/cb27363e0b.url-de-test.ws\/site\/enfance-jeunesse\/jeunesse\/relais-information-jeunesse\/#breadcrumb\"},\"inLanguage\":\"fr-FR\",\"potentialAction\":[{\"@type\":\"ReadAction\",\"target\":[\"http:\/\/cb27363e0b.url-de-test.ws\/site\/enfance-jeunesse\/jeunesse\/relais-information-jeunesse\/\"]}]},{\"@type\":\"BreadcrumbList\",\"@id\":\"http:\/\/cb27363e0b.url-de-test.ws\/site\/enfance-jeunesse\/jeunesse\/relais-information-jeunesse\/#breadcrumb\",\"itemListElement\":[{\"@type\":\"ListItem\",\"position\":1,\"name\":\"Accueil\",\"item\":\"http:\/\/cb27363e0b.url-de-test.ws\/site\/\"},{\"@type\":\"ListItem\",\"position\":2,\"name\":\"Enfance et Jeunesse\",\"item\":\"http:\/\/cb27363e0b.url-de-test.ws\/site\/enfance-jeunesse\/\"},{\"@type\":\"ListItem\",\"position\":3,\"name\":\"Jeunesse\",\"item\":\"http:\/\/cb27363e0b.url-de-test.ws\/site\/enfance-jeunesse\/jeunesse\/\"},{\"@type\":\"ListItem\",\"position\":4,\"name\":\"Relais Information Jeunesse\"}]}]}<\/script>\n<!-- \/ Yoast SEO plugin. -->","yoast_head_json":{"title":"Relais Information Jeunesse - Communaut\u00e9 de Communes Centre Tarn","robots":{"index":"noindex","follow":"follow","max-snippet":"max-snippet:-1","max-image-preview":"max-image-preview:large","max-video-preview":"max-video-preview:-1"},"og_locale":"fr_FR","og_type":"article","og_title":"Relais Information Jeunesse - Communaut\u00e9 de Communes Centre Tarn","og_description":"Les jeunes du Centre Tarn* peuvent b\u00e9n\u00e9ficier d\u2019un accompagnement \u00e0 la recherche d\u2019informations : recherche de jobs, de stages \u00e9tudes, formation continue, formation initiale projets de vacances, de loisirs projets de mobilit\u00e9 europ\u00e9enne, internationale logement, transport, sant\u00e9 b\u00e9n\u00e9volat, engagement citoyen \u2026 formation baby-sitting Le Relais Information Jeunesse a aussi vocation \u00e0 relayer les initiatives locales [&hellip;]","og_url":"http:\/\/cb27363e0b.url-de-test.ws\/site\/enfance-jeunesse\/jeunesse\/relais-information-jeunesse\/","og_site_name":"Communaut\u00e9 de Communes Centre Tarn","article_publisher":"https:\/\/fr-fr.facebook.com\/centretarn\/","article_modified_time":"2018-08-03T09:45:51+00:00","og_image":[{"width":640,"height":436,"url":"http:\/\/cb27363e0b.url-de-test.ws\/site\/wp-content\/uploads\/2018\/01\/RIJ-1.jpg","type":"image\/jpeg"}],"twitter_card":"summary_large_image","twitter_misc":{"Dur\u00e9e de lecture estim\u00e9e":"1 minute"},"schema":{"@context":"https:\/\/schema.org","@graph":[{"@type":"Organization","@id":"http:\/\/cb27363e0b.url-de-test.ws\/site\/#organization","name":"Communaut\u00e9 de Communes Centre Tarn","url":"http:\/\/cb27363e0b.url-de-test.ws\/site\/","sameAs":["https:\/\/fr-fr.facebook.com\/centretarn\/","https:\/\/www.youtube.com\/channel\/UCmH971jS42X98fNgJKDqb1A"],"logo":{"@type":"ImageObject","@id":"http:\/\/cb27363e0b.url-de-test.ws\/site\/#logo","inLanguage":"fr-FR","url":"http:\/\/cb27363e0b.url-de-test.ws\/site\/wp-content\/uploads\/2018\/02\/logo-site.png","contentUrl":"http:\/\/cb27363e0b.url-de-test.ws\/site\/wp-content\/uploads\/2018\/02\/logo-site.png","width":149,"height":169,"caption":"Communaut\u00e9 de Communes Centre Tarn"},"image":{"@id":"http:\/\/cb27363e0b.url-de-test.ws\/site\/#logo"}},{"@type":"WebSite","@id":"http:\/\/cb27363e0b.url-de-test.ws\/site\/#website","url":"http:\/\/cb27363e0b.url-de-test.ws\/site\/","name":"Communaut\u00e9 de Communes Centre Tarn","description":"","publisher":{"@id":"http:\/\/cb27363e0b.url-de-test.ws\/site\/#organization"},"potentialAction":[{"@type":"SearchAction","target":{"@type":"EntryPoint","urlTemplate":"http:\/\/cb27363e0b.url-de-test.ws\/site\/?s={search_term_string}"},"query-input":"required name=search_term_string"}],"inLanguage":"fr-FR"},{"@type":"ImageObject","@id":"http:\/\/cb27363e0b.url-de-test.ws\/site\/enfance-jeunesse\/jeunesse\/relais-information-jeunesse\/#primaryimage","inLanguage":"fr-FR","url":"http:\/\/cb27363e0b.url-de-test.ws\/site\/wp-content\/uploads\/2018\/01\/RIJ-1.jpg","contentUrl":"http:\/\/cb27363e0b.url-de-test.ws\/site\/wp-content\/uploads\/2018\/01\/RIJ-1.jpg","width":640,"height":436},{"@type":"WebPage","@id":"http:\/\/cb27363e0b.url-de-test.ws\/site\/enfance-jeunesse\/jeunesse\/relais-information-jeunesse\/#webpage","url":"http:\/\/cb27363e0b.url-de-test.ws\/site\/enfance-jeunesse\/jeunesse\/relais-information-jeunesse\/","name":"Relais Information Jeunesse - Communaut\u00e9 de Communes Centre Tarn","isPartOf":{"@id":"http:\/\/cb27363e0b.url-de-test.ws\/site\/#website"},"primaryImageOfPage":{"@id":"http:\/\/cb27363e0b.url-de-test.ws\/site\/enfance-jeunesse\/jeunesse\/relais-information-jeunesse\/#primaryimage"},"datePublished":"2018-01-23T11:33:17+00:00","dateModified":"2018-08-03T09:45:51+00:00","breadcrumb":{"@id":"http:\/\/cb27363e0b.url-de-test.ws\/site\/enfance-jeunesse\/jeunesse\/relais-information-jeunesse\/#breadcrumb"},"inLanguage":"fr-FR","potentialAction":[{"@type":"ReadAction","target":["http:\/\/cb27363e0b.url-de-test.ws\/site\/enfance-jeunesse\/jeunesse\/relais-information-jeunesse\/"]}]},{"@type":"BreadcrumbList","@id":"http:\/\/cb27363e0b.url-de-test.ws\/site\/enfance-jeunesse\/jeunesse\/relais-information-jeunesse\/#breadcrumb","itemListElement":[{"@type":"ListItem","position":1,"name":"Accueil","item":"http:\/\/cb27363e0b.url-de-test.ws\/site\/"},{"@type":"ListItem","position":2,"name":"Enfance et Jeunesse","item":"http:\/\/cb27363e0b.url-de-test.ws\/site\/enfance-jeunesse\/"},{"@type":"ListItem","position":3,"name":"Jeunesse","item":"http:\/\/cb27363e0b.url-de-test.ws\/site\/enfance-jeunesse\/jeunesse\/"},{"@type":"ListItem","position":4,"name":"Relais Information Jeunesse"}]}]}},"_links":{"self":[{"href":"http:\/\/cb27363e0b.url-de-test.ws\/site\/wp-json\/wp\/v2\/pages\/1380"}],"collection":[{"href":"http:\/\/cb27363e0b.url-de-test.ws\/site\/wp-json\/wp\/v2\/pages"}],"about":[{"href":"http:\/\/cb27363e0b.url-de-test.ws\/site\/wp-json\/wp\/v2\/types\/page"}],"author":[{"embeddable":true,"href":"http:\/\/cb27363e0b.url-de-test.ws\/site\/wp-json\/wp\/v2\/users\/1"}],"replies":[{"embeddable":true,"href":"http:\/\/cb27363e0b.url-de-test.ws\/site\/wp-json\/wp\/v2\/comments?post=1380"}],"version-history":[{"count":4,"href":"http:\/\/cb27363e0b.url-de-test.ws\/site\/wp-json\/wp\/v2\/pages\/1380\/revisions"}],"predecessor-version":[{"id":2580,"href":"http:\/\/cb27363e0b.url-de-test.ws\/site\/wp-json\/wp\/v2\/pages\/1380\/revisions\/2580"}],"up":[{"embeddable":true,"href":"http:\/\/cb27363e0b.url-de-test.ws\/site\/wp-json\/wp\/v2\/pages\/670"}],"wp:featuredmedia":[{"embeddable":true,"href":"http:\/\/cb27363e0b.url-de-test.ws\/site\/wp-json\/wp\/v2\/media\/1700"}],"wp:attachment":[{"href":"http:\/\/cb27363e0b.url-de-test.ws\/site\/wp-json\/wp\/v2\/media?parent=1380"}],"curies":[{"name":"wp","href":"https:\/\/api.w.org\/{rel}","templated":true}]}}