{"id":1346,"date":"2018-01-23T10:43:10","date_gmt":"2018-01-23T09:43:10","guid":{"rendered":"http:\/\/cb27363e0b.url-de-test.ws\/site\/?page_id=1346"},"modified":"2018-09-25T11:24:00","modified_gmt":"2018-09-25T09:24:00","slug":"ecoles","status":"publish","type":"page","link":"http:\/\/cb27363e0b.url-de-test.ws\/site\/enfance-jeunesse\/enfance\/ecoles\/","title":{"rendered":"Ecoles"},"content":{"rendered":"<p style=\"text-align: justify;\">Si vous d\u00e9m\u00e9nagez ou si vous souhaitez changer votre enfant d&rsquo;\u00e9cole, vous trouverez les coordonn\u00e9es des \u00e9coles que vous pouvez contacter en Centre Tarn. Vous pouvez aussi vous adresser aux mairies (<a href=\"http:\/\/cb27363e0b.url-de-test.ws\/site\/vie-quotidienne\/les-communes\/\">les communes Centre Tarn)<\/a><\/p>\n<h3 style=\"text-align: justify;\"><a href=\"http:\/\/cb27363e0b.url-de-test.ws\/site\/wp-content\/uploads\/2018\/01\/Liste_ecoles_3CT.pdf\" target=\"_blank\" rel=\"noopener\">Les coordonn\u00e9es des \u00e9coles en Centre Tarn<\/a><\/h3>\n<h3 style=\"text-align: justify;\">Conna\u00eetre les \u00e9coles du territoire :<\/h3>\n<p style=\"text-align: justify;\">Les \u00e9coles publiques du territoire sont \u00e0 la charge des communes membres de la CC Centre Tarn sur lesquelles elles sont situ\u00e9es.<\/p>\n<p style=\"text-align: justify;\"><em>\u00ab\u00a0Les communes concern\u00e9es sont en effet propri\u00e9taires des locaux et en assurent la construction, la reconstruction, l&rsquo;extension, les grosses r\u00e9parations, l&rsquo;\u00e9quipement et le fonctionnement.\u00a0\u00bb (article L212-4 du code de l&rsquo;\u00e9ducation). Le mode de gestion traditionnel des \u00e9coles est celui de la r\u00e9gie directe municipale : le financement est assur\u00e9 par le budget communal qui fournit les moyens mat\u00e9riels. Les cr\u00e9dits sont enti\u00e8rement g\u00e9r\u00e9s au niveau de la commune : le maire est l&rsquo;ordonnateur des d\u00e9penses, le comptable est le receveur municipal.<\/em><br \/>\n<em> Les personnels de service, charg\u00e9s de l&rsquo;entretien des locaux ou du gardiennage, les agents territoriaux sp\u00e9cialis\u00e9s des \u00e9coles maternelles (ATSEM) sont des personnels municipaux\u00a0\u00bb.<\/em><\/p>\n<h3 style=\"text-align: justify;\">En savoir plus :<\/h3>\n<p style=\"text-align: justify;\"><a href=\"http:\/\/eduscol.education.fr\/cid48590\/financement-et-gestion-des-ecoles.html\" target=\"_blank\" rel=\"noopener\">Site Eduscol<\/a><\/p>\n","protected":false},"excerpt":{"rendered":"<p>Si vous d\u00e9m\u00e9nagez ou si vous souhaitez changer votre enfant d&rsquo;\u00e9cole, vous trouverez les coordonn\u00e9es des \u00e9coles que vous pouvez contacter en Centre Tarn. Vous pouvez aussi vous adresser aux mairies (les communes Centre Tarn) Les coordonn\u00e9es des \u00e9coles en Centre Tarn Conna\u00eetre les \u00e9coles du territoire : Les \u00e9coles publiques du territoire sont \u00e0 [&hellip;]<\/p>\n","protected":false},"author":1,"featured_media":1931,"parent":667,"menu_order":0,"comment_status":"closed","ping_status":"closed","template":"","meta":[],"yoast_head":"<!-- This site is optimized with the Yoast SEO plugin v18.3 - https:\/\/yoast.com\/wordpress\/plugins\/seo\/ -->\n<title>Les coordonn\u00e9es des \u00e9coles sur le territoire Centre Tarn<\/title>\n<meta name=\"description\" content=\"Si vous d\u00e9m\u00e9nagez ou si vous souhaitez changer votre enfant d&#039;\u00e9cole, vous trouverez les coordonn\u00e9es des \u00e9coles que vous pouvez contacter en Centre Tarn. Vous pouvez aussi vous adresser aux mairies\" \/>\n<meta name=\"robots\" content=\"noindex, follow, max-snippet:-1, max-image-preview:large, max-video-preview:-1\" \/>\n<meta property=\"og:locale\" content=\"fr_FR\" \/>\n<meta property=\"og:type\" content=\"article\" \/>\n<meta property=\"og:title\" content=\"Les coordonn\u00e9es des \u00e9coles sur le territoire Centre Tarn\" \/>\n<meta property=\"og:description\" content=\"Si vous d\u00e9m\u00e9nagez ou si vous souhaitez changer votre enfant d&#039;\u00e9cole, vous trouverez les coordonn\u00e9es des \u00e9coles que vous pouvez contacter en Centre Tarn. Vous pouvez aussi vous adresser aux mairies\" \/>\n<meta property=\"og:url\" content=\"http:\/\/cb27363e0b.url-de-test.ws\/site\/enfance-jeunesse\/enfance\/ecoles\/\" \/>\n<meta property=\"og:site_name\" content=\"Communaut\u00e9 de Communes Centre Tarn\" \/>\n<meta property=\"article:publisher\" content=\"https:\/\/fr-fr.facebook.com\/centretarn\/\" \/>\n<meta property=\"article:modified_time\" content=\"2018-09-25T09:24:00+00:00\" \/>\n<meta property=\"og:image\" content=\"http:\/\/cb27363e0b.url-de-test.ws\/site\/wp-content\/uploads\/2018\/01\/ECOLE.jpg\" \/>\n\t<meta property=\"og:image:width\" content=\"640\" \/>\n\t<meta property=\"og:image:height\" content=\"426\" \/>\n\t<meta property=\"og:image:type\" content=\"image\/jpeg\" \/>\n<meta name=\"twitter:card\" content=\"summary_large_image\" \/>\n<meta name=\"twitter:label1\" content=\"Dur\u00e9e de lecture estim\u00e9e\" \/>\n\t<meta name=\"twitter:data1\" content=\"1 minute\" \/>\n<script type=\"application\/ld+json\" class=\"yoast-schema-graph\">{\"@context\":\"https:\/\/schema.org\",\"@graph\":[{\"@type\":\"Organization\",\"@id\":\"http:\/\/cb27363e0b.url-de-test.ws\/site\/#organization\",\"name\":\"Communaut\u00e9 de Communes Centre Tarn\",\"url\":\"http:\/\/cb27363e0b.url-de-test.ws\/site\/\",\"sameAs\":[\"https:\/\/fr-fr.facebook.com\/centretarn\/\",\"https:\/\/www.youtube.com\/channel\/UCmH971jS42X98fNgJKDqb1A\"],\"logo\":{\"@type\":\"ImageObject\",\"@id\":\"http:\/\/cb27363e0b.url-de-test.ws\/site\/#logo\",\"inLanguage\":\"fr-FR\",\"url\":\"http:\/\/cb27363e0b.url-de-test.ws\/site\/wp-content\/uploads\/2018\/02\/logo-site.png\",\"contentUrl\":\"http:\/\/cb27363e0b.url-de-test.ws\/site\/wp-content\/uploads\/2018\/02\/logo-site.png\",\"width\":149,\"height\":169,\"caption\":\"Communaut\u00e9 de Communes Centre Tarn\"},\"image\":{\"@id\":\"http:\/\/cb27363e0b.url-de-test.ws\/site\/#logo\"}},{\"@type\":\"WebSite\",\"@id\":\"http:\/\/cb27363e0b.url-de-test.ws\/site\/#website\",\"url\":\"http:\/\/cb27363e0b.url-de-test.ws\/site\/\",\"name\":\"Communaut\u00e9 de Communes Centre Tarn\",\"description\":\"\",\"publisher\":{\"@id\":\"http:\/\/cb27363e0b.url-de-test.ws\/site\/#organization\"},\"potentialAction\":[{\"@type\":\"SearchAction\",\"target\":{\"@type\":\"EntryPoint\",\"urlTemplate\":\"http:\/\/cb27363e0b.url-de-test.ws\/site\/?s={search_term_string}\"},\"query-input\":\"required name=search_term_string\"}],\"inLanguage\":\"fr-FR\"},{\"@type\":\"ImageObject\",\"@id\":\"http:\/\/cb27363e0b.url-de-test.ws\/site\/enfance-jeunesse\/enfance\/ecoles\/#primaryimage\",\"inLanguage\":\"fr-FR\",\"url\":\"http:\/\/cb27363e0b.url-de-test.ws\/site\/wp-content\/uploads\/2018\/01\/ECOLE.jpg\",\"contentUrl\":\"http:\/\/cb27363e0b.url-de-test.ws\/site\/wp-content\/uploads\/2018\/01\/ECOLE.jpg\",\"width\":640,\"height\":426},{\"@type\":\"WebPage\",\"@id\":\"http:\/\/cb27363e0b.url-de-test.ws\/site\/enfance-jeunesse\/enfance\/ecoles\/#webpage\",\"url\":\"http:\/\/cb27363e0b.url-de-test.ws\/site\/enfance-jeunesse\/enfance\/ecoles\/\",\"name\":\"Les coordonn\u00e9es des \u00e9coles sur le territoire Centre Tarn\",\"isPartOf\":{\"@id\":\"http:\/\/cb27363e0b.url-de-test.ws\/site\/#website\"},\"primaryImageOfPage\":{\"@id\":\"http:\/\/cb27363e0b.url-de-test.ws\/site\/enfance-jeunesse\/enfance\/ecoles\/#primaryimage\"},\"datePublished\":\"2018-01-23T09:43:10+00:00\",\"dateModified\":\"2018-09-25T09:24:00+00:00\",\"description\":\"Si vous d\u00e9m\u00e9nagez ou si vous souhaitez changer votre enfant d'\u00e9cole, vous trouverez les coordonn\u00e9es des \u00e9coles que vous pouvez contacter en Centre Tarn. Vous pouvez aussi vous adresser aux mairies\",\"breadcrumb\":{\"@id\":\"http:\/\/cb27363e0b.url-de-test.ws\/site\/enfance-jeunesse\/enfance\/ecoles\/#breadcrumb\"},\"inLanguage\":\"fr-FR\",\"potentialAction\":[{\"@type\":\"ReadAction\",\"target\":[\"http:\/\/cb27363e0b.url-de-test.ws\/site\/enfance-jeunesse\/enfance\/ecoles\/\"]}]},{\"@type\":\"BreadcrumbList\",\"@id\":\"http:\/\/cb27363e0b.url-de-test.ws\/site\/enfance-jeunesse\/enfance\/ecoles\/#breadcrumb\",\"itemListElement\":[{\"@type\":\"ListItem\",\"position\":1,\"name\":\"Accueil\",\"item\":\"http:\/\/cb27363e0b.url-de-test.ws\/site\/\"},{\"@type\":\"ListItem\",\"position\":2,\"name\":\"Enfance et Jeunesse\",\"item\":\"http:\/\/cb27363e0b.url-de-test.ws\/site\/enfance-jeunesse\/\"},{\"@type\":\"ListItem\",\"position\":3,\"name\":\"Enfance\",\"item\":\"http:\/\/cb27363e0b.url-de-test.ws\/site\/enfance-jeunesse\/enfance\/\"},{\"@type\":\"ListItem\",\"position\":4,\"name\":\"Ecoles\"}]}]}<\/script>\n<!-- \/ Yoast SEO plugin. -->","yoast_head_json":{"title":"Les coordonn\u00e9es des \u00e9coles sur le territoire Centre Tarn","description":"Si vous d\u00e9m\u00e9nagez ou si vous souhaitez changer votre enfant d'\u00e9cole, vous trouverez les coordonn\u00e9es des \u00e9coles que vous pouvez contacter en Centre Tarn. Vous pouvez aussi vous adresser aux mairies","robots":{"index":"noindex","follow":"follow","max-snippet":"max-snippet:-1","max-image-preview":"max-image-preview:large","max-video-preview":"max-video-preview:-1"},"og_locale":"fr_FR","og_type":"article","og_title":"Les coordonn\u00e9es des \u00e9coles sur le territoire Centre Tarn","og_description":"Si vous d\u00e9m\u00e9nagez ou si vous souhaitez changer votre enfant d'\u00e9cole, vous trouverez les coordonn\u00e9es des \u00e9coles que vous pouvez contacter en Centre Tarn. Vous pouvez aussi vous adresser aux mairies","og_url":"http:\/\/cb27363e0b.url-de-test.ws\/site\/enfance-jeunesse\/enfance\/ecoles\/","og_site_name":"Communaut\u00e9 de Communes Centre Tarn","article_publisher":"https:\/\/fr-fr.facebook.com\/centretarn\/","article_modified_time":"2018-09-25T09:24:00+00:00","og_image":[{"width":640,"height":426,"url":"http:\/\/cb27363e0b.url-de-test.ws\/site\/wp-content\/uploads\/2018\/01\/ECOLE.jpg","type":"image\/jpeg"}],"twitter_card":"summary_large_image","twitter_misc":{"Dur\u00e9e de lecture estim\u00e9e":"1 minute"},"schema":{"@context":"https:\/\/schema.org","@graph":[{"@type":"Organization","@id":"http:\/\/cb27363e0b.url-de-test.ws\/site\/#organization","name":"Communaut\u00e9 de Communes Centre Tarn","url":"http:\/\/cb27363e0b.url-de-test.ws\/site\/","sameAs":["https:\/\/fr-fr.facebook.com\/centretarn\/","https:\/\/www.youtube.com\/channel\/UCmH971jS42X98fNgJKDqb1A"],"logo":{"@type":"ImageObject","@id":"http:\/\/cb27363e0b.url-de-test.ws\/site\/#logo","inLanguage":"fr-FR","url":"http:\/\/cb27363e0b.url-de-test.ws\/site\/wp-content\/uploads\/2018\/02\/logo-site.png","contentUrl":"http:\/\/cb27363e0b.url-de-test.ws\/site\/wp-content\/uploads\/2018\/02\/logo-site.png","width":149,"height":169,"caption":"Communaut\u00e9 de Communes Centre Tarn"},"image":{"@id":"http:\/\/cb27363e0b.url-de-test.ws\/site\/#logo"}},{"@type":"WebSite","@id":"http:\/\/cb27363e0b.url-de-test.ws\/site\/#website","url":"http:\/\/cb27363e0b.url-de-test.ws\/site\/","name":"Communaut\u00e9 de Communes Centre Tarn","description":"","publisher":{"@id":"http:\/\/cb27363e0b.url-de-test.ws\/site\/#organization"},"potentialAction":[{"@type":"SearchAction","target":{"@type":"EntryPoint","urlTemplate":"http:\/\/cb27363e0b.url-de-test.ws\/site\/?s={search_term_string}"},"query-input":"required name=search_term_string"}],"inLanguage":"fr-FR"},{"@type":"ImageObject","@id":"http:\/\/cb27363e0b.url-de-test.ws\/site\/enfance-jeunesse\/enfance\/ecoles\/#primaryimage","inLanguage":"fr-FR","url":"http:\/\/cb27363e0b.url-de-test.ws\/site\/wp-content\/uploads\/2018\/01\/ECOLE.jpg","contentUrl":"http:\/\/cb27363e0b.url-de-test.ws\/site\/wp-content\/uploads\/2018\/01\/ECOLE.jpg","width":640,"height":426},{"@type":"WebPage","@id":"http:\/\/cb27363e0b.url-de-test.ws\/site\/enfance-jeunesse\/enfance\/ecoles\/#webpage","url":"http:\/\/cb27363e0b.url-de-test.ws\/site\/enfance-jeunesse\/enfance\/ecoles\/","name":"Les coordonn\u00e9es des \u00e9coles sur le territoire Centre Tarn","isPartOf":{"@id":"http:\/\/cb27363e0b.url-de-test.ws\/site\/#website"},"primaryImageOfPage":{"@id":"http:\/\/cb27363e0b.url-de-test.ws\/site\/enfance-jeunesse\/enfance\/ecoles\/#primaryimage"},"datePublished":"2018-01-23T09:43:10+00:00","dateModified":"2018-09-25T09:24:00+00:00","description":"Si vous d\u00e9m\u00e9nagez ou si vous souhaitez changer votre enfant d'\u00e9cole, vous trouverez les coordonn\u00e9es des \u00e9coles que vous pouvez contacter en Centre Tarn. Vous pouvez aussi vous adresser aux mairies","breadcrumb":{"@id":"http:\/\/cb27363e0b.url-de-test.ws\/site\/enfance-jeunesse\/enfance\/ecoles\/#breadcrumb"},"inLanguage":"fr-FR","potentialAction":[{"@type":"ReadAction","target":["http:\/\/cb27363e0b.url-de-test.ws\/site\/enfance-jeunesse\/enfance\/ecoles\/"]}]},{"@type":"BreadcrumbList","@id":"http:\/\/cb27363e0b.url-de-test.ws\/site\/enfance-jeunesse\/enfance\/ecoles\/#breadcrumb","itemListElement":[{"@type":"ListItem","position":1,"name":"Accueil","item":"http:\/\/cb27363e0b.url-de-test.ws\/site\/"},{"@type":"ListItem","position":2,"name":"Enfance et Jeunesse","item":"http:\/\/cb27363e0b.url-de-test.ws\/site\/enfance-jeunesse\/"},{"@type":"ListItem","position":3,"name":"Enfance","item":"http:\/\/cb27363e0b.url-de-test.ws\/site\/enfance-jeunesse\/enfance\/"},{"@type":"ListItem","position":4,"name":"Ecoles"}]}]}},"_links":{"self":[{"href":"http:\/\/cb27363e0b.url-de-test.ws\/site\/wp-json\/wp\/v2\/pages\/1346"}],"collection":[{"href":"http:\/\/cb27363e0b.url-de-test.ws\/site\/wp-json\/wp\/v2\/pages"}],"about":[{"href":"http:\/\/cb27363e0b.url-de-test.ws\/site\/wp-json\/wp\/v2\/types\/page"}],"author":[{"embeddable":true,"href":"http:\/\/cb27363e0b.url-de-test.ws\/site\/wp-json\/wp\/v2\/users\/1"}],"replies":[{"embeddable":true,"href":"http:\/\/cb27363e0b.url-de-test.ws\/site\/wp-json\/wp\/v2\/comments?post=1346"}],"version-history":[{"count":11,"href":"http:\/\/cb27363e0b.url-de-test.ws\/site\/wp-json\/wp\/v2\/pages\/1346\/revisions"}],"predecessor-version":[{"id":3259,"href":"http:\/\/cb27363e0b.url-de-test.ws\/site\/wp-json\/wp\/v2\/pages\/1346\/revisions\/3259"}],"up":[{"embeddable":true,"href":"http:\/\/cb27363e0b.url-de-test.ws\/site\/wp-json\/wp\/v2\/pages\/667"}],"wp:featuredmedia":[{"embeddable":true,"href":"http:\/\/cb27363e0b.url-de-test.ws\/site\/wp-json\/wp\/v2\/media\/1931"}],"wp:attachment":[{"href":"http:\/\/cb27363e0b.url-de-test.ws\/site\/wp-json\/wp\/v2\/media?parent=1346"}],"curies":[{"name":"wp","href":"https:\/\/api.w.org\/{rel}","templated":true}]}}